{"id":1113,"date":"2023-05-02T10:56:38","date_gmt":"2023-05-02T08:56:38","guid":{"rendered":"http:\/\/psig.huma-num.fr\/cartes-sensibles\/?page_id=1113"},"modified":"2023-05-17T10:01:39","modified_gmt":"2023-05-17T08:01:39","slug":"programme-des-seances-2022-2023","status":"publish","type":"page","link":"http:\/\/psig.huma-num.fr\/cartes-sensibles\/programme-des-seances-2022-2023\/","title":{"rendered":"Programme des s\u00e9ances 2022-2023"},"content":{"rendered":"\n<p>Lieu : EHESS, 54 boulevard Raspail, 75006, salle de la plateforme g\u00e9omatique, A516<\/p>\n\n\n\n<p><strong>Journ\u00e9e 1 : Probl\u00e9matiser la cartographie sensible<\/strong><\/p>\n\n\n\n<p>9h &#8211; Accueil \/ Fin \u00e0 18h<\/p>\n\n\n\n<ul class=\"wp-block-list\">\n<li><strong>J1 Matin<\/strong> : Cartographie &#8211; Commentaires de cartes\u00a0(<a href=\"https:\/\/docs.google.com\/presentation\/d\/1Vom2OTUeoV0wW0R_UeQlRsMpY1wE9Nm7NqO3ZeGEuCY\/edit?usp=sharing\">contenu<\/a>)\n<ul class=\"wp-block-list\">\n<li>Exercice de recueil des donn\u00e9es sensibles &#8211; <a href=\"https:\/\/docs.google.com\/presentation\/d\/15z2NltYiBhzeWfLnrB6zxEMENfU-c76A-d3DoEZKtyc\/edit?usp=sharing\">notions de s\u00e9miologie graphique<\/a> <\/li>\n<\/ul>\n<\/li>\n\n\n\n<li><strong>J1 Apr\u00e8s-midi<\/strong> : Exercice de cartographie : pr\u00e9paration \u00e0 l\u2019enqu\u00eate (<a href=\"https:\/\/docs.google.com\/presentation\/d\/1W2HfwXk7N8z3alqmPdSXmLS3pcCJ6NL6oLQQskmgXQ4\/edit?usp=sharing\">contenu<\/a>)<\/li>\n\n\n\n<li>R\u00e9flexions sur la repr\u00e9sentation : <a href=\"https:\/\/www.ehess.fr\/fr\/personne\/roberto-casati\">Roberto Casati<\/a> (invit\u00e9)&nbsp;<\/li>\n<\/ul>\n\n\n\n<p><strong>Journ\u00e9es 2 et 3 :&nbsp; Int\u00e9grer une approche de cartographie sensible dans une enqu\u00eate<\/strong><\/p>\n\n\n\n<p>9h &#8211; Accueil \/ Fin \u00e0 18h (J2), Fin \u00e0 17h (J3)<\/p>\n\n\n\n<ul class=\"wp-block-list\">\n<li><strong>J2 Matin <\/strong>: Enqu\u00eate : construire un protocole d\u2019enqu\u00eate (<a href=\"https:\/\/docs.google.com\/presentation\/d\/1eiwVECwaMlr-lzOvpWq9mjPtxVGAS-xndIrqYNyg2d0\/edit?usp=sharing\">contenu<\/a>)\n<ul class=\"wp-block-list\">\n<li><strong>J2 Apr\u00e8s-midi <\/strong>: Exercice d\u2019\u00e9veil sensoriel<\/li>\n<\/ul>\n<\/li>\n\n\n\n<li>Enqu\u00eate : recueil des donn\u00e9es<\/li>\n\n\n\n<li><strong>J3 Matin<\/strong> : Exercice de cartographie : contrastes color\u00e9s (<a href=\"https:\/\/docs.google.com\/presentation\/d\/1xSeTRC0a7FAOrPgswZ7YzB95k_kDHnBn6W64viYnoAM\/edit?usp=sharing\">contenu<\/a>)<\/li>\n\n\n\n<li>Enqu\u00eate : cartographie collaborative<\/li>\n\n\n\n<li><strong>J3 Apr\u00e8s-midi<\/strong> : Restitutions et discussions<\/li>\n<\/ul>\n","protected":false},"excerpt":{"rendered":"<p>Lieu : EHESS, 54 boulevard Raspail, 75006, salle de la plateforme g\u00e9omatique, A516 Journ\u00e9e 1 : Probl\u00e9matiser la cartographie sensible 9h &#8211; Accueil \/ Fin \u00e0 18h Journ\u00e9es 2 et 3 :&nbsp; Int\u00e9grer une approche de cartographie sensible dans une enqu\u00eate 9h &#8211; Accueil \/ Fin \u00e0 18h (J2), Fin \u00e0 17h (J3)<\/p>\n","protected":false},"author":1,"featured_media":0,"parent":0,"menu_order":0,"comment_status":"closed","ping_status":"closed","template":"","meta":{"footnotes":""},"class_list":["post-1113","page","type-page","status-publish","hentry"],"_links":{"self":[{"href":"http:\/\/psig.huma-num.fr\/cartes-sensibles\/wp-json\/wp\/v2\/pages\/1113","targetHints":{"allow":["GET"]}}],"collection":[{"href":"http:\/\/psig.huma-num.fr\/cartes-sensibles\/wp-json\/wp\/v2\/pages"}],"about":[{"href":"http:\/\/psig.huma-num.fr\/cartes-sensibles\/wp-json\/wp\/v2\/types\/page"}],"author":[{"embeddable":true,"href":"http:\/\/psig.huma-num.fr\/cartes-sensibles\/wp-json\/wp\/v2\/users\/1"}],"replies":[{"embeddable":true,"href":"http:\/\/psig.huma-num.fr\/cartes-sensibles\/wp-json\/wp\/v2\/comments?post=1113"}],"version-history":[{"count":12,"href":"http:\/\/psig.huma-num.fr\/cartes-sensibles\/wp-json\/wp\/v2\/pages\/1113\/revisions"}],"predecessor-version":[{"id":1140,"href":"http:\/\/psig.huma-num.fr\/cartes-sensibles\/wp-json\/wp\/v2\/pages\/1113\/revisions\/1140"}],"wp:attachment":[{"href":"http:\/\/psig.huma-num.fr\/cartes-sensibles\/wp-json\/wp\/v2\/media?parent=1113"}],"curies":[{"name":"wp","href":"https:\/\/api.w.org\/{rel}","templated":true}]}}

Programme des séances 2022-2023

<p>Lieu : EHESS, 54 boulevard Raspail, 75006, salle de la plateforme géomatique, A516</p>



<p><strong>Journée 1 : Problématiser la cartographie sensible</strong></p>



<p>9h &#8211; Accueil / Fin à 18h</p>



<ul class="wp-block-list">
<li><strong>J1 Matin</strong> : Cartographie &#8211; Commentaires de cartes (<a href="https://docs.google.com/presentation/d/1Vom2OTUeoV0wW0R_UeQlRsMpY1wE9Nm7NqO3ZeGEuCY/edit?usp=sharing">contenu</a>)
<ul class="wp-block-list">
<li>Exercice de recueil des données sensibles &#8211; <a href="https://docs.google.com/presentation/d/15z2NltYiBhzeWfLnrB6zxEMENfU-c76A-d3DoEZKtyc/edit?usp=sharing">notions de sémiologie graphique</a> </li>
</ul>
</li>



<li><strong>J1 Après-midi</strong> : Exercice de cartographie : préparation à l’enquête (<a href="https://docs.google.com/presentation/d/1W2HfwXk7N8z3alqmPdSXmLS3pcCJ6NL6oLQQskmgXQ4/edit?usp=sharing">contenu</a>)</li>



<li>Réflexions sur la représentation : <a href="https://www.ehess.fr/fr/personne/roberto-casati">Roberto Casati</a> (invité)&nbsp;</li>
</ul>



<p><strong>Journées 2 et 3 :&nbsp; Intégrer une approche de cartographie sensible dans une enquête</strong></p>



<p>9h &#8211; Accueil / Fin à 18h (J2), Fin à 17h (J3)</p>



<ul class="wp-block-list">
<li><strong>J2 Matin </strong>: Enquête : construire un protocole d’enquête (<a href="https://docs.google.com/presentation/d/1eiwVECwaMlr-lzOvpWq9mjPtxVGAS-xndIrqYNyg2d0/edit?usp=sharing">contenu</a>)
<ul class="wp-block-list">
<li><strong>J2 Après-midi </strong>: Exercice d’éveil sensoriel</li>
</ul>
</li>



<li>Enquête : recueil des données</li>



<li><strong>J3 Matin</strong> : Exercice de cartographie : contrastes colorés (<a href="https://docs.google.com/presentation/d/1xSeTRC0a7FAOrPgswZ7YzB95k_kDHnBn6W64viYnoAM/edit?usp=sharing">contenu</a>)</li>



<li>Enquête : cartographie collaborative</li>



<li><strong>J3 Après-midi</strong> : Restitutions et discussions</li>
</ul>

<p>Lieu : EHESS, 54 boulevard Raspail, 75006, salle de la plateforme géomatique, A516 Journée 1 : Problématiser la cartographie sensible 9h &#8211; Accueil / Fin à 18h Journées 2 et 3 :&nbsp; Intégrer une approche de cartographie sensible dans une enquête 9h &#8211; Accueil / Fin à 18h (J2), Fin à 17h (J3)</p>
