{"id":15,"date":"2020-03-05T22:22:24","date_gmt":"2020-03-05T21:22:24","guid":{"rendered":"http:\/\/psig.huma-num.fr\/cartes-sensibles\/?page_id=15"},"modified":"2021-11-17T14:28:46","modified_gmt":"2021-11-17T13:28:46","slug":"programme-des-seances","status":"publish","type":"page","link":"http:\/\/psig.huma-num.fr\/cartes-sensibles\/programme-des-seances\/","title":{"rendered":"Programme des s\u00e9ances 2019-2020"},"content":{"rendered":"\n<p>S\u00e9ance #1 : 9 mars 2020, 13h &#8211; 15h<\/p>\n\n\n\n<p>Introduction (<a href=\"https:\/\/docs.google.com\/presentation\/d\/1LGq1vkGF3hALfqktfQBQdN5mR0dNsLTLEowcG3Uu9f0\/edit#slide=id.g70f0990a74_0_13\">lien du cours<\/a>)<\/p>\n\n\n\n<p>S\u00e9ance #2 : 23 mars 2020, 13h &#8211; 17h<\/p>\n\n\n\n<p>Cartographier le confinement (<a href=\"https:\/\/docs.google.com\/presentation\/d\/1pJx6VwS9oA9AP8XH2ajsHhZQU9-ALpilsKFoSsI1rQU\/edit#slide=id.g7016d0480b_7_0\">lien du cours<\/a>)<\/p>\n\n\n\n<p>S\u00e9ance #3 : 20\/04\/2020, 13h-17h<\/p>\n\n\n\n<p>Bibliographie et discussion (<a href=\"https:\/\/docs.google.com\/presentation\/d\/1jtSnyRUOFrm_Zx7gEYzNFwtc-8HGA9K978PAPPlmer8\/edit?usp=sharing\">lien du cours<\/a>)<\/p>\n\n\n\n<p>S\u00e9ance #4 : 4\/05\/2020, 13h-17h<\/p>\n\n\n\n<p>(<a href=\"https:\/\/docs.google.com\/presentation\/d\/1ugNyVjR3AOwlbE28V922sT1szsv_8CCHs-vHA3Qoles\/edit#slide=id.g74fd63178a_0_0\">lien du cours<\/a>)<\/p>\n\n\n\n<p>S\u00e9ance #5 : 18\/05\/2020, 13h-17h<\/p>\n\n\n\n<p>(<a href=\"https:\/\/docs.google.com\/presentation\/d\/11vaNTaGaK8I3fk1Eu5Tmvo-Aq_Lu82GzyPv3zJIqYvY\/edit?usp=sharing\">lien du cours<\/a>)<\/p>\n\n\n\n<p>S\u00e9ance #6 : 08\/06\/2020, 13h-17h<\/p>\n\n\n\n<p>(<a href=\"https:\/\/docs.google.com\/presentation\/d\/1sDq8xVvX-iRmJXfVhzFS1an5DtQRh00KYIL6PbuiB50\/edit?usp=sharing\">lien du cours<\/a>)<\/p>\n\n\n\n<p>S\u00e9ance #7 : 22\/06\/2020, 13h-15h<\/p>\n\n\n\n<p>Nous contacter : cartes-sensibles@ehess.fr<\/p>\n","protected":false},"excerpt":{"rendered":"<p>S\u00e9ance #1 : 9 mars 2020, 13h &#8211; 15h Introduction (lien du cours) S\u00e9ance #2 : 23 mars 2020, 13h &#8211; 17h Cartographier le confinement (lien du cours) S\u00e9ance #3 : 20\/04\/2020, 13h-17h Bibliographie et discussion (lien du cours) S\u00e9ance #4 : 4\/05\/2020, 13h-17h (lien du cours) S\u00e9ance #5 : 18\/05\/2020, 13h-17h (lien du cours) &hellip; <a href=\"http:\/\/psig.huma-num.fr\/cartes-sensibles\/programme-des-seances\/\" class=\"more-link\">Continuer la lecture de <span class=\"screen-reader-text\">Programme des s\u00e9ances 2019-2020<\/span>  <span class=\"meta-nav\">&rarr;<\/span><\/a><\/p>\n","protected":false},"author":1,"featured_media":0,"parent":0,"menu_order":0,"comment_status":"closed","ping_status":"closed","template":"","meta":{"footnotes":""},"class_list":["post-15","page","type-page","status-publish","hentry"],"_links":{"self":[{"href":"http:\/\/psig.huma-num.fr\/cartes-sensibles\/wp-json\/wp\/v2\/pages\/15","targetHints":{"allow":["GET"]}}],"collection":[{"href":"http:\/\/psig.huma-num.fr\/cartes-sensibles\/wp-json\/wp\/v2\/pages"}],"about":[{"href":"http:\/\/psig.huma-num.fr\/cartes-sensibles\/wp-json\/wp\/v2\/types\/page"}],"author":[{"embeddable":true,"href":"http:\/\/psig.huma-num.fr\/cartes-sensibles\/wp-json\/wp\/v2\/users\/1"}],"replies":[{"embeddable":true,"href":"http:\/\/psig.huma-num.fr\/cartes-sensibles\/wp-json\/wp\/v2\/comments?post=15"}],"version-history":[{"count":16,"href":"http:\/\/psig.huma-num.fr\/cartes-sensibles\/wp-json\/wp\/v2\/pages\/15\/revisions"}],"predecessor-version":[{"id":770,"href":"http:\/\/psig.huma-num.fr\/cartes-sensibles\/wp-json\/wp\/v2\/pages\/15\/revisions\/770"}],"wp:attachment":[{"href":"http:\/\/psig.huma-num.fr\/cartes-sensibles\/wp-json\/wp\/v2\/media?parent=15"}],"curies":[{"name":"wp","href":"https:\/\/api.w.org\/{rel}","templated":true}]}}