{"id":771,"date":"2021-11-17T14:33:23","date_gmt":"2021-11-17T13:33:23","guid":{"rendered":"http:\/\/psig.huma-num.fr\/cartes-sensibles\/?page_id=771"},"modified":"2022-08-05T20:11:09","modified_gmt":"2022-08-05T18:11:09","slug":"programme-des-seances-2021-2022","status":"publish","type":"page","link":"http:\/\/psig.huma-num.fr\/cartes-sensibles\/programme-des-seances-2021-2022\/","title":{"rendered":"Programme des s\u00e9ances 2021\/2022"},"content":{"rendered":"\n<p>Le s\u00e9minaire collectif se d\u00e9roulera au 54 boulevard Raspail en salle A516 aux dates suivantes :<\/p>\n\n\n\n<p><strong>S\u00e9ance #1 : 30\/11\/2021 de 13 h 30<\/strong> <strong>\u00e0 16 h 30<\/strong><\/p>\n\n\n\n<p>Introduction \u2013 <a rel=\"noreferrer noopener\" href=\"https:\/\/docs.google.com\/presentation\/d\/1w9fyBfVrvdofFDDJKcDqrQ2p3QnPnhNHTdGDwuAy0Mc\/edit?usp=sharing\" target=\"_blank\">lien vers le contenu<\/a>.<\/p>\n\n\n\n<p><strong>S\u00e9ance #2 : 25\/01\/2022 de 13 h 30 et 17 h 30<\/strong><\/p>\n\n\n\n<p>Cartographie, s\u00e9miologie, informations per\u00e7ues et mesur\u00e9es \u2013 <a rel=\"noreferrer noopener\" href=\"https:\/\/docs.google.com\/presentation\/d\/1ttI9zPILYPku62nX5r9vxv1h1zbSuypQHL6ML3GX5Qs\/edit?usp=sharing\" target=\"_blank\">lien vers le contenu<\/a>.<\/p>\n\n\n\n<p>Invit\u00e9 : <a rel=\"noreferrer noopener\" href=\"https:\/\/www.univ-brest.fr\/menu\/recherche-innovation\/pages-chercheurs\/QUESNOT-Teriitutea\/\" target=\"_blank\">Teriitutea Quesnot (Universit\u00e9 de Bretagne Occidentale &#8211; LETG Brest)<\/a> \u2013 \u201cAppr\u00e9hender les spatialit\u00e9s des p\u00eacheurs lagonaires de Moorea \u00e0 travers la cartographie non-aristot\u00e9licienne\u201d \u2013 ANR HITI.<\/p>\n\n\n\n<p><strong>S\u00e9ance #3 : 25\/03\/2022<\/strong> <strong>de 10 h \u00e0 17 h<\/strong><\/p>\n\n\n\n<p>Exp\u00e9rimentation et demi-journ\u00e9e d\u2019\u00e9tude au campus de l\u2019Universit\u00e9 Gustave-Eiffel, en commun avec le <a rel=\"noreferrer noopener\" href=\"https:\/\/parvis.hypotheses.org\/\" target=\"_blank\">projet ISITE FUTURE PARVIS<\/a> sur la perception de la chaleur et de la fra\u00eecheur \u2013 <a rel=\"noreferrer noopener\" href=\"https:\/\/docs.google.com\/presentation\/d\/1pcMStNIroKuHoQ35bqKhLLbaJq5Pmndz_uanPQv7caM\/edit?usp=sharing\" data-type=\"URL\" target=\"_blank\">lien vers le contenu<\/a>.<\/p>\n\n\n\n<p><strong>S\u00e9ance #4 :&nbsp; 24\/05\/2022 de 13 h 30 et 17 h 30<\/strong><\/p>\n\n\n\n<p>Analyse d\u2019une enqu\u00eate pour qualifier l\u2019ambiance urbaine par la cartographie sensible \u2013 <a href=\"https:\/\/docs.google.com\/presentation\/d\/1u6b4jAfXdhkDaT-hjIlAPQ_ImCoqJaVYFpLK7W9hQUY\/edit#slide=id.g12892fa06bc_0_0\" target=\"_blank\" rel=\"noreferrer noopener\">lien vers le contenu<\/a>.<\/p>\n\n\n\n<p>Invit\u00e9 : <a rel=\"noreferrer noopener\" href=\"https:\/\/aau.archi.fr\/equipe\/leduc-thomas\/\" target=\"_blank\">Thomas Leduc (AAU-CRENAU \/ Nantes Universit\u00e9)<\/a> \u2013 \u201cPrise en compte de l&#8217;ouverture du ciel dans l&#8217;espace urbain\u201d.<\/p>\n\n\n\n<p><strong>S\u00e9ance #5 : 21\/06\/2022 de 13 h 30 et 17 h 30<\/strong><\/p>\n\n\n\n<p>De l\u2019acquisition qualitative ou quantitative de donn\u00e9es sensibles \u00e0 l\u2019analyse des cartographies produites \u2013 <a href=\"https:\/\/docs.google.com\/presentation\/d\/1pm4OX0WHIFCSjD1svBH6_EGXn9UyL0rEF_Ms4_CwRTA\/edit#slide=id.g12892fa06bc_0_0\" target=\"_blank\" rel=\"noreferrer noopener\">lien vers le contenu<\/a>.<\/p>\n","protected":false},"excerpt":{"rendered":"<p>Le s\u00e9minaire collectif se d\u00e9roulera au 54 boulevard Raspail en salle A516 aux dates suivantes : S\u00e9ance #1 : 30\/11\/2021 de 13 h 30 \u00e0 16 h 30 Introduction \u2013 lien vers le contenu. S\u00e9ance #2 : 25\/01\/2022 de 13 h 30 et 17 h 30 Cartographie, s\u00e9miologie, informations per\u00e7ues et mesur\u00e9es \u2013 lien vers &hellip; <a href=\"http:\/\/psig.huma-num.fr\/cartes-sensibles\/programme-des-seances-2021-2022\/\" class=\"more-link\">Continuer la lecture de <span class=\"screen-reader-text\">Programme des s\u00e9ances 2021\/2022<\/span>  <span class=\"meta-nav\">&rarr;<\/span><\/a><\/p>\n","protected":false},"author":1,"featured_media":0,"parent":0,"menu_order":0,"comment_status":"closed","ping_status":"closed","template":"","meta":{"footnotes":""},"class_list":["post-771","page","type-page","status-publish","hentry"],"_links":{"self":[{"href":"http:\/\/psig.huma-num.fr\/cartes-sensibles\/wp-json\/wp\/v2\/pages\/771","targetHints":{"allow":["GET"]}}],"collection":[{"href":"http:\/\/psig.huma-num.fr\/cartes-sensibles\/wp-json\/wp\/v2\/pages"}],"about":[{"href":"http:\/\/psig.huma-num.fr\/cartes-sensibles\/wp-json\/wp\/v2\/types\/page"}],"author":[{"embeddable":true,"href":"http:\/\/psig.huma-num.fr\/cartes-sensibles\/wp-json\/wp\/v2\/users\/1"}],"replies":[{"embeddable":true,"href":"http:\/\/psig.huma-num.fr\/cartes-sensibles\/wp-json\/wp\/v2\/comments?post=771"}],"version-history":[{"count":11,"href":"http:\/\/psig.huma-num.fr\/cartes-sensibles\/wp-json\/wp\/v2\/pages\/771\/revisions"}],"predecessor-version":[{"id":805,"href":"http:\/\/psig.huma-num.fr\/cartes-sensibles\/wp-json\/wp\/v2\/pages\/771\/revisions\/805"}],"wp:attachment":[{"href":"http:\/\/psig.huma-num.fr\/cartes-sensibles\/wp-json\/wp\/v2\/media?parent=771"}],"curies":[{"name":"wp","href":"https:\/\/api.w.org\/{rel}","templated":true}]}}