{"id":822,"date":"2022-10-12T14:57:58","date_gmt":"2022-10-12T12:57:58","guid":{"rendered":"http:\/\/psig.huma-num.fr\/cartes-sensibles\/?page_id=822"},"modified":"2022-12-01T11:29:58","modified_gmt":"2022-12-01T10:29:58","slug":"programme-des-seances-eup-2022-2023","status":"publish","type":"page","link":"http:\/\/psig.huma-num.fr\/cartes-sensibles\/programme-des-seances-eup-2022-2023\/","title":{"rendered":"Programme des s\u00e9ances EUP 2022\/2023"},"content":{"rendered":"\n<h2 class=\"wp-block-heading\"><strong><em>cours 1&nbsp; \u2013 13 octobre&nbsp;<\/em><\/strong>[3h]&nbsp;<strong><em>\u2013 <\/em><\/strong><br><strong><em>Introduction et mise en place des outils de communication<\/em><\/strong><\/h2>\n\n\n\n<p><a href=\"https:\/\/docs.google.com\/presentation\/d\/1w9fyBfVrvdofFDDJKcDqrQ2p3QnPnhNHTdGDwuAy0Mc\/edit?usp=sharing\" target=\"_blank\" rel=\"noreferrer noopener\">Lien vers le contenu du cours<\/a><\/p>\n\n\n\n<ul class=\"wp-block-list\">\n<li>objectifs du cours et introduction <\/li>\n\n\n\n<li>speed-carto de pr\u00e9sentation personnelle (cf. notion de &#8220;Carte d\u2019identit\u00e9&#8221; d\u00e9velopp\u00e9e par Philippe Rekacewicz &#8211; https:\/\/www.ebabx.fr\/fr\/actualites\/hors-les-murs\/workshop-carte-didentite-avec-philippe-rekazewicz)<\/li>\n\n\n\n<li>pr\u00e9sentation du blog &#8220;Cartographie sensible&#8221; (http:\/\/psig.huma-num.fr\/cartes-sensibles\/), insertion des premiers travaux sur le blog <\/li>\n<\/ul>\n\n\n\n<h2 class=\"wp-block-heading\"><strong><em>cours 2&nbsp; \u2013 27 octobre&nbsp;<\/em><\/strong>[4h \u2013 9h \u00e0 13h15]<strong><em>&nbsp;\u2013 <\/em><\/strong><br><strong><em>Influence de l\u2019aide \u00e0 la localisation (plan) sur la perception et\/ou la repr\u00e9sentation<\/em><\/strong><\/h2>\n\n\n\n<p><a href=\"https:\/\/docs.google.com\/presentation\/d\/1YUjrDZCY203FKCTmZmRK549H_ZVl7ZgRtTukuQeLLis\/edit?usp=sharing\" target=\"_blank\" rel=\"noreferrer noopener\">Lien vers l&#8217;extrait du diaporama<\/a><\/p>\n\n\n\n<ul class=\"wp-block-list\">\n<li>principes de s\u00e9miologie graphique<\/li>\n\n\n\n<li>protocole v\u00e9lo<\/li>\n\n\n\n<li>\u00e9coute individuelle du parcours v\u00e9lo enregistr\u00e9, repr\u00e9sentation cartographique individuelle<\/li>\n\n\n\n<li>\u00e9coute individuelle avec plan de situation, repr\u00e9sentation cartographique individuelle<\/li>\n<\/ul>\n\n\n\n<h2 class=\"wp-block-heading\"><strong><em>cours 3&nbsp; \u2013 17 novembre&nbsp;<\/em><\/strong>[4h \u2013 9h \u00e0 13h15]&nbsp;<strong><em>\u2013<\/em><\/strong><em><strong> <\/strong>P<strong>erception selon des filtres<\/strong> d&#8217;observation<\/em><\/h2>\n\n\n\n<p><a href=\"https:\/\/docs.google.com\/presentation\/d\/1s5z1W-y45Kk-9tyMJOnAF2Whp1OIDF1zlDv2yBHaV8Y\/edit?usp=sharing\" target=\"_blank\" rel=\"noreferrer noopener\">Lien vers le diaporama<\/a><\/p>\n\n\n\n<ul class=\"wp-block-list\">\n<li>protocole filtre d&#8217;observation le long d&#8217;un parcours<\/li>\n\n\n\n<li>carte individuelle<\/li>\n\n\n\n<li>carte collaborative<\/li>\n\n\n\n<li>cartographie incr\u00e9mentale du site d&#8217;\u00e9tude<\/li>\n<\/ul>\n\n\n\n<h2 class=\"wp-block-heading\"><strong><em>cours 4a \u2013 10 novembre&nbsp;<\/em><\/strong>[2h30 \u2013 10h30 \u00e0 13h15]<strong><em>&nbsp;\u2013 Bien-\u00eatre thermique, mise en place du travail pr\u00e9paratoire <\/em><\/strong><\/h2>\n\n\n\n<p><a href=\"https:\/\/docs.google.com\/presentation\/d\/1kLxR66kEC_N6lG3bbdfw0bUoEjvtXAWFPPEfULS0qoE\/edit?usp=sharing\" target=\"_blank\" rel=\"noreferrer noopener\">Lien vers le diaporama<\/a><\/p>\n\n\n\n<ul class=\"wp-block-list\">\n<li>cartographie incr\u00e9mentale du site d&#8217;\u00e9tude<\/li>\n\n\n\n<li>recherche sur le bien-\u00eatre thermique<\/li>\n\n\n\n<li>bibliographie pour la validation<\/li>\n<\/ul>\n\n\n\n<h2 class=\"wp-block-heading\"><strong><em>cours 4b \u2013 <strong><em>1er d\u00e9cembre&nbsp;<\/em><\/strong>[4h \u2013 9h \u00e0 13h15]&nbsp;<strong><em>\u2013 <\/em><\/strong>Bien-\u00eatre thermique, exp\u00e9rimentation<\/em><\/strong><\/h2>\n\n\n\n<p><a href=\"https:\/\/docs.google.com\/presentation\/d\/1ZlqFsvcBL9U7zgzZlrgRvcQgbPaZq6leGBWb-zdeWik\/edit?usp=sharing\">Lien vers le diaporama<\/a><\/p>\n\n\n\n<h2 class=\"wp-block-heading\"><strong><em>cours 5 \u2013 8 d\u00e9cembre <\/em><\/strong>[2h30]&nbsp;<strong><em>\u2013 Bibliographie (validation)<\/em><\/strong><\/h2>\n\n\n\n<p><a href=\"https:\/\/docs.google.com\/presentation\/d\/1RuKgwuoBPqDlDn_XOE5tg8UZ3ldUAC2GZofUa_ObyvI\/edit?usp=sharing\">Lien vers le diaporama avec la r\u00e9f\u00e9rence des articles<\/a><\/p>\n","protected":false},"excerpt":{"rendered":"<p>cours 1&nbsp; \u2013 13 octobre&nbsp;[3h]&nbsp;\u2013 Introduction et mise en place des outils de communication Lien vers le contenu du cours cours 2&nbsp; \u2013 27 octobre&nbsp;[4h \u2013 9h \u00e0 13h15]&nbsp;\u2013 Influence de l\u2019aide \u00e0 la localisation (plan) sur la perception et\/ou la repr\u00e9sentation Lien vers l&#8217;extrait du diaporama cours 3&nbsp; \u2013 17 novembre&nbsp;[4h \u2013 9h \u00e0 &hellip; <a href=\"http:\/\/psig.huma-num.fr\/cartes-sensibles\/programme-des-seances-eup-2022-2023\/\" class=\"more-link\">Continuer la lecture de <span class=\"screen-reader-text\">Programme des s\u00e9ances EUP 2022\/2023<\/span>  <span class=\"meta-nav\">&rarr;<\/span><\/a><\/p>\n","protected":false},"author":1,"featured_media":0,"parent":0,"menu_order":0,"comment_status":"closed","ping_status":"closed","template":"","meta":{"footnotes":""},"class_list":["post-822","page","type-page","status-publish","hentry"],"_links":{"self":[{"href":"http:\/\/psig.huma-num.fr\/cartes-sensibles\/wp-json\/wp\/v2\/pages\/822","targetHints":{"allow":["GET"]}}],"collection":[{"href":"http:\/\/psig.huma-num.fr\/cartes-sensibles\/wp-json\/wp\/v2\/pages"}],"about":[{"href":"http:\/\/psig.huma-num.fr\/cartes-sensibles\/wp-json\/wp\/v2\/types\/page"}],"author":[{"embeddable":true,"href":"http:\/\/psig.huma-num.fr\/cartes-sensibles\/wp-json\/wp\/v2\/users\/1"}],"replies":[{"embeddable":true,"href":"http:\/\/psig.huma-num.fr\/cartes-sensibles\/wp-json\/wp\/v2\/comments?post=822"}],"version-history":[{"count":23,"href":"http:\/\/psig.huma-num.fr\/cartes-sensibles\/wp-json\/wp\/v2\/pages\/822\/revisions"}],"predecessor-version":[{"id":1063,"href":"http:\/\/psig.huma-num.fr\/cartes-sensibles\/wp-json\/wp\/v2\/pages\/822\/revisions\/1063"}],"wp:attachment":[{"href":"http:\/\/psig.huma-num.fr\/cartes-sensibles\/wp-json\/wp\/v2\/media?parent=822"}],"curies":[{"name":"wp","href":"https:\/\/api.w.org\/{rel}","templated":true}]}}