{"id":220,"date":"2022-09-09T11:17:41","date_gmt":"2022-09-09T09:17:41","guid":{"rendered":"http:\/\/psig.huma-num.fr\/seminaire-sources-aux-sig\/?page_id=220"},"modified":"2023-10-10T22:15:54","modified_gmt":"2023-10-10T20:15:54","slug":"programme-2022-2023","status":"publish","type":"page","link":"http:\/\/psig.huma-num.fr\/seminaire-sources-aux-sig\/programme-2022-2023\/","title":{"rendered":"Programme 2022\/2023"},"content":{"rendered":"\n<p><strong>S\u00e9ance #1 : 6 octobre 2022<\/strong><\/p>\n\n\n\n<p>Introduction du s\u00e9minaire<\/p>\n\n\n\n<div class=\"wp-block-group\"><div class=\"wp-block-group__inner-container is-layout-flow wp-block-group-is-layout-flow\">\n<p><em>Hanae EL GOUJ<\/em>, doctorante en g\u00e9ographie et am\u00e9nagement, Th\u00e9MA, Universit\u00e9 de Bourgogne Franche-Comt\u00e9.<\/p>\n\n\n\n<p><em>Doriane HARE,<\/em> ing\u00e9nieure d&#8217;\u00e9tudes, INED<\/p>\n\n\n\n<p>Acquisition collaborative de donn\u00e9es g\u00e9ohistoriques : Num\u00e9risation des routes de la France au XIXe si\u00e8cle \u00e0 partir des cartes de l\u2019\u00c9tat-Major dans le cadre d&#8217;une collaboration entre l&#8217;ANR COMMUNES et Open Historical Map.<\/p>\n\n\n\n<p><a href=\"https:\/\/www.youtube.com\/live\/M2BKa7KundY?si=iLw-F8NUxdM8wGyx\">Lien vers la vid\u00e9o de la s\u00e9ance<\/a><\/p>\n<\/div><\/div>\n\n\n\n<p><strong>S\u00e9ance #2 : 10 novembre 2022<\/strong><\/p>\n\n\n\n<p><em>Mahaut CAZALS<\/em> &#8211; Doctorante Laboratoire Dypac &#8211; UVSQ<\/p>\n\n\n\n<p>Arch\u00e9ologie des paysages<\/p>\n\n\n\n<p><em>Ana\u00efs BLESBOIS<\/em> &#8211; Doctorante Laboratoire Dypac &#8211; UVSQ<\/p>\n\n\n\n<p>Jardin, vergers et toponymes<\/p>\n\n\n\n<p><a href=\"https:\/\/www.youtube.com\/live\/U_8cdhC0MVA?si=dYw0-5wx0BZUJsu_\">Lien vers la vid\u00e9o de la s\u00e9ance<\/a><\/p>\n\n\n\n<p><strong>S\u00e9ance #3 : 8 d\u00e9cembre 2022<\/strong><\/p>\n\n\n\n<p><em>Ma\u00ebl Le Noc<\/em>, Boursier postdoctoral | Postdoctoral fellow, Fondation pour la M\u00e9moire de la Shoah<\/p>\n\n\n\n<p>\u00c9tudier les trajectoires de fuites de victimes parisiennes des pers\u00e9cutions antijuives pendant la Shoah \u00e0 partir des dossiers de naturalisations : possibilit\u00e9s, challenge, et perspectives<\/p>\n\n\n\n<p><em>Marie-Laure CHAMBRADE, Fr\u00e9d\u00e9rique BERTONCELLO<\/em> &#8211; CNRS CEPAM &#8211; UMR 7264<\/p>\n\n\n\n<p>R\u00e9flexions sur le choix d\u2019outils d\u2019analyses spatiales et statistiques pour l&#8217;\u00e9tude de la &#8220;conqu\u00eate&#8221; des marges arides du Proche-Orient au N\u00e9olithique r\u00e9cent (Projet MSCA MARGINS 2022-2025)<\/p>\n\n\n\n<p><a href=\"https:\/\/www.youtube.com\/live\/uJlmUHPLOPI?si=wJuToIb1_Ud5t1-O\">Lien vers la vid\u00e9o de la s\u00e9ance<\/a><\/p>\n\n\n\n<p><strong>S\u00e9ance #4 : 12 janvier 2023<\/strong> &#8211; s\u00e9ance avec tutoriels<\/p>\n\n\n\n<p><em>Jonathan VILLOT<\/em> &#8211; Ecole Nationale Sup\u00e9rieure des Mines<\/p>\n\n\n\n<p>Tutoriel portant sur un g\u00e9oservice en mode Software As A Service d\u00e9nomm\u00e9 ONB &#8211; Observatoire National des B\u00e2timents<\/p>\n\n\n\n<p><em>Eric MERMET<\/em> &#8211; CNRS \/ TSE-R, <em>Eric GROSSO<\/em> &#8211; Mapping Edinburgh<\/p>\n\n\n\n<p>Topomine : une application web d&#8217;exploration it\u00e9rative de la toponymie fran\u00e7aise<\/p>\n\n\n\n<p><a href=\"https:\/\/youtu.be\/TmRRHufNFdw?si=i7C8M7Mww7Ne9Ugj\">Lien vers la vid\u00e9o de la s\u00e9ance<\/a><\/p>\n\n\n\n<p><strong>S\u00e9ance #5 : 9 f\u00e9vrier 2023<\/strong><\/p>\n\n\n\n<p><em>Pauline BESSAGUET<\/em> &#8211; Universit\u00e9 de Limoges &#8211;<\/p>\n\n\n\n<p>Arch\u00e9ologie et donn\u00e9es 3D : mod\u00e9liser des maisons \u00e0<br>pans de bois<\/p>\n\n\n\n<p><em>Jean PASSINI &#8211; CNRS \/ EHESS \/ CRH , Angelo ODORE &#8211; <\/em>EHESS \/ Plateforme g\u00e9omatique<em>, Eric MERMET<\/em> &#8211; CNRS \/ TSE-R, Amalia Yuste<\/p>\n\n\n\n<p>La fa\u00e7ade nord de la cath\u00e9drale de Tol\u00e8de : une ou trois portes ? Apport de la 3D sur la structure de formes complexes<\/p>\n\n\n\n<p><a href=\"https:\/\/www.youtube.com\/live\/J3S1a2pAJLc?si=SxCcz3v4k6D5xMmQ\">Lien vers la vid\u00e9o de la s\u00e9ance<\/a><\/p>\n\n\n\n<p><strong>S\u00e9ance #6 : 9 mars 2023<\/strong><\/p>\n\n\n\n<p><em>Barbara CHITI , Marie-Laure CHAMBRADE<\/em> &#8211; CNRS ArScAn , CNRS CEPAM<\/p>\n\n\n\n<p>Des archives arch\u00e9ologiques \u00e0 la publication : le cas d\u2019\u00e9tude du Chantier II de Tell Kazel (Syrie)<\/p>\n\n\n\n<p><em>L\u00e9a HERMENAULT, Iason JONGEPIER<\/em>, <em>Christophe DE COSTER<\/em> &#8211; Universit\u00e9 d\u2019Anvers , Universit\u00e9 d\u2019Anvers et Archives de l\u2019Etat en Belgique<\/p>\n\n\n\n<p>Des paysages, des toponymes et des gazetiers. Trois projets d\u2019histoire du paysage belge \u00e0 partir du traitement num\u00e9rique de banques toponymiques et de cartes anciennes<\/p>\n\n\n\n<p><a href=\"https:\/\/www.youtube.com\/live\/UFrr7Jw_0ng?si=PFaEbCC1FlN49JcA\">Lien vers la vid\u00e9o de la s\u00e9ance<\/a><\/p>\n\n\n\n<p><strong>S\u00e9ance #7 : 13 avril 2023<\/strong><\/p>\n\n\n\n<p><em>Victor GAY, S\u00e9bastien POUBLANC<\/em> &#8211; Toulouse School of Economics (TSE), FRAMESPA<\/p>\n\n\n\n<p>L\u2019incertitude au coeur de la g\u00e9ographie administrative historique : le cas des bailliages et juridictions assimil\u00e9es en 1789<\/p>\n\n\n\n<p><em>Etienne MENAGER<\/em> &#8211; FRAMESPA<\/p>\n\n\n\n<p>De l\u2019espace m\u00e9di\u00e9val \u00e0 la repr\u00e9sentation cartographique : atouts et limites des SIG. Quelques r\u00e9flexions.<\/p>\n\n\n\n<p><a href=\"https:\/\/www.youtube.com\/live\/ihxOkAIYo1o?si=pjVRsswCmwkVGkKj\">Lien vers la vid\u00e9o de la s\u00e9ance<\/a><\/p>\n\n\n\n<p><strong>S\u00e9ance #8 : 11 mai 2023<\/strong><\/p>\n\n\n\n<p><em>Leticia TOBALINA-PULIDO, Carlos D. BARRANCO GONZ\u00c1LEZ<\/em> &#8211; Incipit-CSIC , Universidad Pablo de Olavide<\/p>\n\n\n\n<p>Gestion de donn\u00e9es imparfaites \u00e0 l&#8217;aide de la logique floue : exemples d&#8217;application pour la datation et la typologie des sites arch\u00e9ologiques<\/p>\n\n\n\n<p><em>R\u00e9mi CROUZEVIALLE<\/em>  &#8211; Universit\u00e9 de Limoges &#8211;<\/p>\n\n\n\n<p>\u00ab Bases de donn\u00e9es spatio-temporelles et gestion de la datation et de l\u2019incertitude chronologique. Retour d\u2019exp\u00e9riences \u00bb<\/p>\n\n\n\n<p><a href=\"https:\/\/www.youtube.com\/live\/zEeGKP-EIhg?si=Yz1Y-MsIUEG67-Eb\">Lien vers la vid\u00e9o de la s\u00e9ance<\/a><\/p>\n\n\n\n<p><strong>S\u00e9ance #9 : 14 et 15 juin 2023<\/strong><\/p>\n\n\n\n<p><strong>Mercredi 14 juin<\/strong><\/p>\n\n\n\n<p><em>Luis Fe Canto<\/em> &#8211; EHIC &#8211; Limoges<\/p>\n\n\n\n<p>Cartographier la captivit\u00e9 en M\u00e9diterran\u00e9e XVI-XVIIIe si\u00e8cle<\/p>\n\n\n\n<p><em>Gr\u00e9goire Cousin<\/em> &#8211; IRIS &#8211; EHESS <\/p>\n\n\n\n<p>Suivre les d\u00e9port\u00e9s, une approche spatiale du g\u00e9nocide des Roms<\/p>\n\n\n\n<p><em>Giovanni Pietro Vitali <\/em>&#8211; DYPAC &#8211; UVSQ&nbsp;<\/p>\n\n\n\n<p>&nbsp;Visualiser la violence pendant la Seconde Guerre mondiale \u00e0 travers le SIG. Massacres de guerre et d\u00e9portation en Italie entre 1943 et 1945<\/p>\n\n\n\n<p><a href=\"https:\/\/www.youtube.com\/live\/I9teWHE76oI?si=a8HlQByBTNRQ01gs\">Lien vers la vid\u00e9o de la s\u00e9ance<\/a><\/p>\n\n\n\n<p><strong>Jeudi 15 juin<\/strong><\/p>\n\n\n\n<p><em>Magalie Wattaux<\/em> &nbsp;&#8211; Universit\u00e9 de Rennes 2<\/p>\n\n\n\n<p>Le projet ANR PARCEDES. \u00c0 propos de quelques d\u00e9veloppements g\u00e9omatiques au service d\u2019une probl\u00e9matique scientifique et de la recherche participative<\/p>\n\n\n\n<p><a href=\"https:\/\/www.youtube.com\/live\/anJMAgympOk?si=64tRzDzZyuLrLR7_\">Lien vers la vid\u00e9o de la s\u00e9ance<\/a><\/p>\n\n\n\n<p><em>Carlo Citter<\/em> &#8211; Universit\u00e0 degli studi di Siena<\/p>\n\n\n\n<p>R\u00e9flexions th\u00e9oriques et m\u00e9thodologiques sur la simulation des paysages symboliques avec le SIG<\/p>\n\n\n\n<p><em>Ylenia Paciotti <\/em>&#8211; Universit\u00e0 degli studi di Genova<\/p>\n\n\n\n<p>&nbsp;La simulation des paysage symboliques avec le SIG, le cas des lieux religieux&nbsp;m\u00e9di\u00e9vales de la toscane m\u00e9ridionale<\/p>\n\n\n\n<p><a href=\"https:\/\/www.youtube.com\/live\/Z9fiYCZNWxA?si=AmOHQpy6ZX2kXJUx\">Lien vers la vid\u00e9o de la s\u00e9ance<\/a><\/p>\n","protected":false},"excerpt":{"rendered":"<p>S\u00e9ance #1 : 6 octobre 2022 Introduction du s\u00e9minaire Hanae EL GOUJ, doctorante en g\u00e9ographie et am\u00e9nagement, Th\u00e9MA, Universit\u00e9 de Bourgogne Franche-Comt\u00e9. Doriane HARE, ing\u00e9nieure d&#8217;\u00e9tudes, INED Acquisition collaborative de donn\u00e9es g\u00e9ohistoriques : Num\u00e9risation des routes de la France au XIXe si\u00e8cle \u00e0 partir des cartes de l\u2019\u00c9tat-Major dans le cadre d&#8217;une collaboration entre l&#8217;ANR [&hellip;]<\/p>\n","protected":false},"author":1,"featured_media":0,"parent":0,"menu_order":0,"comment_status":"closed","ping_status":"closed","template":"","meta":{"footnotes":""},"_links":{"self":[{"href":"http:\/\/psig.huma-num.fr\/seminaire-sources-aux-sig\/wp-json\/wp\/v2\/pages\/220"}],"collection":[{"href":"http:\/\/psig.huma-num.fr\/seminaire-sources-aux-sig\/wp-json\/wp\/v2\/pages"}],"about":[{"href":"http:\/\/psig.huma-num.fr\/seminaire-sources-aux-sig\/wp-json\/wp\/v2\/types\/page"}],"author":[{"embeddable":true,"href":"http:\/\/psig.huma-num.fr\/seminaire-sources-aux-sig\/wp-json\/wp\/v2\/users\/1"}],"replies":[{"embeddable":true,"href":"http:\/\/psig.huma-num.fr\/seminaire-sources-aux-sig\/wp-json\/wp\/v2\/comments?post=220"}],"version-history":[{"count":30,"href":"http:\/\/psig.huma-num.fr\/seminaire-sources-aux-sig\/wp-json\/wp\/v2\/pages\/220\/revisions"}],"predecessor-version":[{"id":311,"href":"http:\/\/psig.huma-num.fr\/seminaire-sources-aux-sig\/wp-json\/wp\/v2\/pages\/220\/revisions\/311"}],"wp:attachment":[{"href":"http:\/\/psig.huma-num.fr\/seminaire-sources-aux-sig\/wp-json\/wp\/v2\/media?parent=220"}],"curies":[{"name":"wp","href":"https:\/\/api.w.org\/{rel}","templated":true}]}}

<p><strong>Séance #1 : 6 octobre 2022</strong></p>



<p>Introduction du séminaire</p>



<div class="wp-block-group"><div class="wp-block-group__inner-container is-layout-flow wp-block-group-is-layout-flow">
<p><em>Hanae EL GOUJ</em>, doctorante en géographie et aménagement, ThéMA, Université de Bourgogne Franche-Comté.</p>



<p><em>Doriane HARE,</em> ingénieure d&#8217;études, INED</p>



<p>Acquisition collaborative de données géohistoriques : Numérisation des routes de la France au XIXe siècle à partir des cartes de l’État-Major dans le cadre d&#8217;une collaboration entre l&#8217;ANR COMMUNES et Open Historical Map.</p>



<p><a href="https://www.youtube.com/live/M2BKa7KundY?si=iLw-F8NUxdM8wGyx">Lien vers la vidéo de la séance</a></p>
</div></div>



<p><strong>Séance #2 : 10 novembre 2022</strong></p>



<p><em>Mahaut CAZALS</em> &#8211; Doctorante Laboratoire Dypac &#8211; UVSQ</p>



<p>Archéologie des paysages</p>



<p><em>Anaïs BLESBOIS</em> &#8211; Doctorante Laboratoire Dypac &#8211; UVSQ</p>



<p>Jardin, vergers et toponymes</p>



<p><a href="https://www.youtube.com/live/U_8cdhC0MVA?si=dYw0-5wx0BZUJsu_">Lien vers la vidéo de la séance</a></p>



<p><strong>Séance #3 : 8 décembre 2022</strong></p>



<p><em>Maël Le Noc</em>, Boursier postdoctoral | Postdoctoral fellow, Fondation pour la Mémoire de la Shoah</p>



<p>Étudier les trajectoires de fuites de victimes parisiennes des persécutions antijuives pendant la Shoah à partir des dossiers de naturalisations : possibilités, challenge, et perspectives</p>



<p><em>Marie-Laure CHAMBRADE, Frédérique BERTONCELLO</em> &#8211; CNRS CEPAM &#8211; UMR 7264</p>



<p>Réflexions sur le choix d’outils d’analyses spatiales et statistiques pour l&#8217;étude de la &#8220;conquête&#8221; des marges arides du Proche-Orient au Néolithique récent (Projet MSCA MARGINS 2022-2025)</p>



<p><a href="https://www.youtube.com/live/uJlmUHPLOPI?si=wJuToIb1_Ud5t1-O">Lien vers la vidéo de la séance</a></p>



<p><strong>Séance #4 : 12 janvier 2023</strong> &#8211; séance avec tutoriels</p>



<p><em>Jonathan VILLOT</em> &#8211; Ecole Nationale Supérieure des Mines</p>



<p>Tutoriel portant sur un géoservice en mode Software As A Service dénommé ONB &#8211; Observatoire National des Bâtiments</p>



<p><em>Eric MERMET</em> &#8211; CNRS / TSE-R, <em>Eric GROSSO</em> &#8211; Mapping Edinburgh</p>



<p>Topomine : une application web d&#8217;exploration itérative de la toponymie française</p>



<p><a href="https://youtu.be/TmRRHufNFdw?si=i7C8M7Mww7Ne9Ugj">Lien vers la vidéo de la séance</a></p>



<p><strong>Séance #5 : 9 février 2023</strong></p>



<p><em>Pauline BESSAGUET</em> &#8211; Université de Limoges &#8211;</p>



<p>Archéologie et données 3D : modéliser des maisons à<br>pans de bois</p>



<p><em>Jean PASSINI &#8211; CNRS / EHESS / CRH , Angelo ODORE &#8211; </em>EHESS / Plateforme géomatique<em>, Eric MERMET</em> &#8211; CNRS / TSE-R, Amalia Yuste</p>



<p>La façade nord de la cathédrale de Tolède : une ou trois portes ? Apport de la 3D sur la structure de formes complexes</p>



<p><a href="https://www.youtube.com/live/J3S1a2pAJLc?si=SxCcz3v4k6D5xMmQ">Lien vers la vidéo de la séance</a></p>



<p><strong>Séance #6 : 9 mars 2023</strong></p>



<p><em>Barbara CHITI , Marie-Laure CHAMBRADE</em> &#8211; CNRS ArScAn , CNRS CEPAM</p>



<p>Des archives archéologiques à la publication : le cas d’étude du Chantier II de Tell Kazel (Syrie)</p>



<p><em>Léa HERMENAULT, Iason JONGEPIER</em>, <em>Christophe DE COSTER</em> &#8211; Université d’Anvers , Université d’Anvers et Archives de l’Etat en Belgique</p>



<p>Des paysages, des toponymes et des gazetiers. Trois projets d’histoire du paysage belge à partir du traitement numérique de banques toponymiques et de cartes anciennes</p>



<p><a href="https://www.youtube.com/live/UFrr7Jw_0ng?si=PFaEbCC1FlN49JcA">Lien vers la vidéo de la séance</a></p>



<p><strong>Séance #7 : 13 avril 2023</strong></p>



<p><em>Victor GAY, Sébastien POUBLANC</em> &#8211; Toulouse School of Economics (TSE), FRAMESPA</p>



<p>L’incertitude au coeur de la géographie administrative historique : le cas des bailliages et juridictions assimilées en 1789</p>



<p><em>Etienne MENAGER</em> &#8211; FRAMESPA</p>



<p>De l’espace médiéval à la représentation cartographique : atouts et limites des SIG. Quelques réflexions.</p>



<p><a href="https://www.youtube.com/live/ihxOkAIYo1o?si=pjVRsswCmwkVGkKj">Lien vers la vidéo de la séance</a></p>



<p><strong>Séance #8 : 11 mai 2023</strong></p>



<p><em>Leticia TOBALINA-PULIDO, Carlos D. BARRANCO GONZÁLEZ</em> &#8211; Incipit-CSIC , Universidad Pablo de Olavide</p>



<p>Gestion de données imparfaites à l&#8217;aide de la logique floue : exemples d&#8217;application pour la datation et la typologie des sites archéologiques</p>



<p><em>Rémi CROUZEVIALLE</em>  &#8211; Université de Limoges &#8211;</p>



<p>« Bases de données spatio-temporelles et gestion de la datation et de l’incertitude chronologique. Retour d’expériences »</p>



<p><a href="https://www.youtube.com/live/zEeGKP-EIhg?si=Yz1Y-MsIUEG67-Eb">Lien vers la vidéo de la séance</a></p>



<p><strong>Séance #9 : 14 et 15 juin 2023</strong></p>



<p><strong>Mercredi 14 juin</strong></p>



<p><em>Luis Fe Canto</em> &#8211; EHIC &#8211; Limoges</p>



<p>Cartographier la captivité en Méditerranée XVI-XVIIIe siècle</p>



<p><em>Grégoire Cousin</em> &#8211; IRIS &#8211; EHESS </p>



<p>Suivre les déportés, une approche spatiale du génocide des Roms</p>



<p><em>Giovanni Pietro Vitali </em>&#8211; DYPAC &#8211; UVSQ&nbsp;</p>



<p>&nbsp;Visualiser la violence pendant la Seconde Guerre mondiale à travers le SIG. Massacres de guerre et déportation en Italie entre 1943 et 1945</p>



<p><a href="https://www.youtube.com/live/I9teWHE76oI?si=a8HlQByBTNRQ01gs">Lien vers la vidéo de la séance</a></p>



<p><strong>Jeudi 15 juin</strong></p>



<p><em>Magalie Wattaux</em> &nbsp;&#8211; Université de Rennes 2</p>



<p>Le projet ANR PARCEDES. À propos de quelques développements géomatiques au service d’une problématique scientifique et de la recherche participative</p>



<p><a href="https://www.youtube.com/live/anJMAgympOk?si=64tRzDzZyuLrLR7_">Lien vers la vidéo de la séance</a></p>



<p><em>Carlo Citter</em> &#8211; Università degli studi di Siena</p>



<p>Réflexions théoriques et méthodologiques sur la simulation des paysages symboliques avec le SIG</p>



<p><em>Ylenia Paciotti </em>&#8211; Università degli studi di Genova</p>



<p>&nbsp;La simulation des paysage symboliques avec le SIG, le cas des lieux religieux&nbsp;médiévales de la toscane méridionale</p>



<p><a href="https://www.youtube.com/live/Z9fiYCZNWxA?si=AmOHQpy6ZX2kXJUx">Lien vers la vidéo de la séance</a></p>

<p>Séance #1 : 6 octobre 2022 Introduction du séminaire Hanae EL GOUJ, doctorante en géographie et aménagement, ThéMA, Université de Bourgogne Franche-Comté. Doriane HARE, ingénieure d&#8217;études, INED Acquisition collaborative de données géohistoriques : Numérisation des routes de la France au XIXe siècle à partir des cartes de l’État-Major dans le cadre d&#8217;une collaboration entre l&#8217;ANR [&hellip;]</p>
