{"id":291,"date":"2023-07-31T15:34:03","date_gmt":"2023-07-31T13:34:03","guid":{"rendered":"http:\/\/psig.huma-num.fr\/seminaire-sources-aux-sig\/?page_id=291"},"modified":"2023-11-14T12:07:42","modified_gmt":"2023-11-14T11:07:42","slug":"appel-a-communication-2023-2024","status":"publish","type":"page","link":"http:\/\/psig.huma-num.fr\/seminaire-sources-aux-sig\/","title":{"rendered":"Appel \u00e0 communication 2023\/2024"},"content":{"rendered":"\n<p><strong>Organisation<\/strong><\/p>\n\n\n\n<p>Laboratoire DYPAC UVSQ\/Dlab SHS Paris-Saclay<\/p>\n\n\n\n<p>CNRS TSE-R<\/p>\n\n\n\n<p>Service Ing\u00e9nierie Recherche de l&#8217;Universit\u00e9 de Limoges<\/p>\n\n\n\n<p>Compte tenu de la participation et des demandes que nous avons re\u00e7ues, nos s\u00e9minaires se poursuivent pour la quatri\u00e8me\u00a0ann\u00e9e. La formule reste la m\u00eame que les ann\u00e9es pr\u00e9c\u00e9dentes avec une session une fois par mois,<strong>\u00a0les jeudis entre 14h et 17h<\/strong>.\u00a0Le s\u00e9minaire se d\u00e9roulera en format hybride avec un pr\u00e9sentiel altern\u00e9 entre le laboratoire Dypac de l\u2019UVSQ au 47 boulevard Vauban \u00e0 Guyancourt, le Service Ing\u00e9nierie Recherche de l&#8217;Universit\u00e9 de Limoges et la Toulouse School of Economics.\u00a0La derni\u00e8re session se d\u00e9roulera en pr\u00e9sentiel dans un lieu qui sera communiqu\u00e9 ult\u00e9rieurement .<\/p>\n\n\n\n<p>En plus des sessions classiques, cette ann\u00e9e encore, nous consacrerons des sessions \u00e0 la pr\u00e9sentation de tutoriels, d\u2019outils, de scripts, de logiciels ou de m\u00e9thodologies cr\u00e9\u00e9es ad hoc pour la r\u00e9alisation d\u2019un projet afin d\u2019alterner des sessions classiques de s\u00e9minaire avec des tutoriels.<\/p>\n\n\n\n<p>Les dates ont d\u2019ores et d\u00e9j\u00e0 \u00e9t\u00e9 fix\u00e9es :<\/p>\n\n\n\n<p><strong>19 octobre s\u00e9ance inaugurale 2023, 23 novembre, 12 d\u00e9cembre, 18 janvier 2024, 15 f\u00e9vrier, 14 mars, 11 avril, 23 mai<\/strong>, la date de la derni\u00e8re s\u00e9ance sera donn\u00e9e ult\u00e9rieurement.<\/p>\n\n\n\n<p>Plusieurs axes sont propos\u00e9s lors de l\u2019ann\u00e9e \u00e0 venir :&nbsp;<\/p>\n\n\n\n<p><strong>Axe 1 :&nbsp;<\/strong>\u00ab&nbsp;<strong>En d\u00e9but de cha\u00eene, acquisition\/transformation des donn\u00e9es : quels impacts sur la mise en ligne et l\u2019utilisation futures des donn\u00e9es \u00bb<\/strong><\/p>\n\n\n\n<p>Cet axe concerne les mat\u00e9riaux de base que sont les donn\u00e9es sources ainsi que les op\u00e9rations et traitements qui y sont associ\u00e9s, questionnant la num\u00e9risation, l\u2019extraction, l&#8217;acquisition, le traitement, les formats, etc. et l\u2019impact que cela produit sur toute la cha\u00eene de traitement et de valorisation de la donn\u00e9e.<\/p>\n\n\n\n<p><strong>Axe 2 : \u00ab<\/strong>&nbsp;<em><strong>Reprise de donn\u00e9es anciennes, lacunes, qualit\u00e9 et repr\u00e9sentativit\u00e9 des donn\u00e9es<\/strong><\/em>&nbsp;<strong>\u00bb<\/strong><\/p>\n\n\n\n<p>Cet axe questionne l\u2019aspect des donn\u00e9es historiques mais aussi l\u2019historiographie de la donn\u00e9e, leur production, les biais et les choix de mod\u00e9lisation faits lors de l\u2019acquisition, les lacunes et le moyen d\u2019y parer ou encore la question primordiale de la qualit\u00e9 de la donn\u00e9e.<\/p>\n\n\n\n<p><strong>Axe 3 : \u00ab<\/strong>\u00a0<strong>Analyses spatio-temporelles et statistiques \u00bb<\/strong><\/p>\n\n\n\n<p>Nous retrouverons dans cet axe des \u00e9tudes et projets ayant d\u00e9velopp\u00e9 des m\u00e9thodes sp\u00e9cifiques d\u2019analyse spatio-temporelles ou d\u2019analyse statistique. Les projets qui commencent sont les bienvenus, pour pr\u00e9senter des objectifs, les projets en cours pourront pr\u00e9senter des aspects m\u00e9thodologiques, les projets termin\u00e9s pr\u00e9senteront toute la cha\u00eene menant \u00e0 des r\u00e9sultats.<\/p>\n\n\n\n<p><strong>Axe 4 : \u00ab Outils pour la spatialisation des donn\u00e9es dans les humanit\u00e9s num\u00e9riques&nbsp; \u00bb<\/strong><\/p>\n\n\n\n<p>Myriades d\u2019outils sont cr\u00e9\u00e9s en humanit\u00e9s num\u00e9riques pour aider \u00e0 contr\u00f4ler toute la cha\u00eene de production, de traitement, d\u2019analyse et de valorisation de la donn\u00e9e. Autant que possible, nous souhaitons mettre en lumi\u00e8re des outils qui nous sembleront \u00e9mergents et qui pourront aider la communaut\u00e9 en Humanit\u00e9s Num\u00e9riques. La pr\u00e9sentation d\u2019un tutoriel sur un outil fonctionnel sera alors \u00e0 privil\u00e9gier.<\/p>\n\n\n\n<p><strong>Axe 5 : \u00ab&nbsp;<\/strong><em><strong>En fin de cha\u00eene, data paper, m\u00e9tadonn\u00e9es, donn\u00e9es compl\u00e9mentaires : comment contextualiser efficacement les donn\u00e9es d\u00e9pos\u00e9es ?<\/strong><\/em>&nbsp;<strong>\u00bb<\/strong><\/p>\n\n\n\n<p>Ce dernier axe concerne la valorisation scientifique de la donn\u00e9e : cat\u00e9gories, th\u00e9saurus, ontologies et harmonisation dans le temps, valorisation au travers de publication scientifique classique, d\u2019open data et plus largement de licence des donn\u00e9es, de l\u2019articulation avec des textes en open edition, de publication de data paper, d\u2019utilisation ou de cr\u00e9ation de plateformes de d\u00e9p\u00f4t de donn\u00e9es.<\/p>\n\n\n\n<p>Les propositions de communications devront respecter un format de 3000 signes maximum, la typologie de format avec laquelle vous voulez participer (pr\u00e9sentation classique ou tutoriel) et au moins 3 dates auxquelles vous \u00eates disponible pour participer au s\u00e9minaire avant le 15&nbsp;octobre&nbsp;2023 \u00e0 l\u2019adresse :&nbsp;<a href=\"mailto:seminairesourcesig@uvsq.fr\">seminairesourcesig@uvsq.fr<\/a><\/p>\n\n\n\n<p>Deadline auteurs : 15 octobre 2023<\/p>\n\n\n\n<p>Retour aux auteurs : 30 octobre 2023<\/p>\n\n\n\n<p><\/p>\n\n\n\n<p><strong>Le comit\u00e9 d\u2019organisation<\/strong><\/p>\n\n\n\n<p><strong><br>Fabien Cerbelaud (Universit\u00e9 de Limoges)<\/strong><\/p>\n\n\n\n<p><strong>R\u00e9mi Crouzevialle (Universit\u00e9 de Limoges)<\/strong><\/p>\n\n\n\n<p><strong>Davide Gherdevich (UVSQ Paris Saclay)<\/strong><\/p>\n\n\n\n<p><strong>Eric Mermet (CNRS TSE)<\/strong><\/p>\n","protected":false},"excerpt":{"rendered":"<p>Organisation Laboratoire DYPAC UVSQ\/Dlab SHS Paris-Saclay CNRS TSE-R Service Ing\u00e9nierie Recherche de l&#8217;Universit\u00e9 de Limoges Compte tenu de la participation et des demandes que nous avons re\u00e7ues, nos s\u00e9minaires se poursuivent pour la quatri\u00e8me\u00a0ann\u00e9e. La formule reste la m\u00eame que les ann\u00e9es pr\u00e9c\u00e9dentes avec une session une fois par mois,\u00a0les jeudis entre 14h et 17h.\u00a0Le [&hellip;]<\/p>\n","protected":false},"author":1,"featured_media":0,"parent":0,"menu_order":0,"comment_status":"closed","ping_status":"closed","template":"","meta":{"footnotes":""},"_links":{"self":[{"href":"http:\/\/psig.huma-num.fr\/seminaire-sources-aux-sig\/wp-json\/wp\/v2\/pages\/291"}],"collection":[{"href":"http:\/\/psig.huma-num.fr\/seminaire-sources-aux-sig\/wp-json\/wp\/v2\/pages"}],"about":[{"href":"http:\/\/psig.huma-num.fr\/seminaire-sources-aux-sig\/wp-json\/wp\/v2\/types\/page"}],"author":[{"embeddable":true,"href":"http:\/\/psig.huma-num.fr\/seminaire-sources-aux-sig\/wp-json\/wp\/v2\/users\/1"}],"replies":[{"embeddable":true,"href":"http:\/\/psig.huma-num.fr\/seminaire-sources-aux-sig\/wp-json\/wp\/v2\/comments?post=291"}],"version-history":[{"count":2,"href":"http:\/\/psig.huma-num.fr\/seminaire-sources-aux-sig\/wp-json\/wp\/v2\/pages\/291\/revisions"}],"predecessor-version":[{"id":324,"href":"http:\/\/psig.huma-num.fr\/seminaire-sources-aux-sig\/wp-json\/wp\/v2\/pages\/291\/revisions\/324"}],"wp:attachment":[{"href":"http:\/\/psig.huma-num.fr\/seminaire-sources-aux-sig\/wp-json\/wp\/v2\/media?parent=291"}],"curies":[{"name":"wp","href":"https:\/\/api.w.org\/{rel}","templated":true}]}}