{"id":55,"date":"2021-01-05T10:59:31","date_gmt":"2021-01-05T09:59:31","guid":{"rendered":"http:\/\/psig.huma-num.fr\/colloque-sources-aux-sig\/?page_id=55"},"modified":"2021-09-28T22:02:59","modified_gmt":"2021-09-28T20:02:59","slug":"communications","status":"publish","type":"page","link":"http:\/\/psig.huma-num.fr\/seminaire-sources-aux-sig\/communications\/","title":{"rendered":"Communications s\u00e9lectionn\u00e9es"},"content":{"rendered":"\n<p><strong>Arch\u00e9ologie<\/strong><\/p>\n\n\n\n<div class=\"wp-block-columns is-layout-flex wp-container-core-columns-is-layout-1 wp-block-columns-is-layout-flex\">\n<div class=\"wp-block-column is-layout-flow wp-block-column-is-layout-flow\" style=\"flex-basis:100%\">\n<div class=\"wp-block-group\"><div class=\"wp-block-group__inner-container is-layout-flow wp-block-group-is-layout-flow\">\n<figure class=\"wp-block-table\"><table class=\"has-fixed-layout\"><tbody><tr><td>Charl\u00e8ne Morel,<br>Damien Ertlen,<br>Pierre-Alexis Herrault,<br>Loup Bernard<br><\/td><td>Un mod\u00e8le pour \u00e9tudier les strat\u00e9gies d\u2019occupation sur la longue dur\u00e9e : le Kochersberg (Bas-Rhin, Alsace), du N\u00e9olithique au Moyen \u00e2ge<\/td><\/tr><tr><td>Christophe TUFFERY,<br>Vincent DELVIGNE,<br>Paul Fernandes<\/td><td>Mise en oeuvre d\u2019une plateforme cartographique et d\u2019une application mobile pour la consultation et le partage de donn\u00e9es sur les formations siliceuses. Retour d\u2019exp\u00e9rience du GDR SILEX<\/td><\/tr><tr><td>C\u00e9cile COURTAUD,<br>Soline MORINIERE,<br>Bernadette SCHNITZLER,<br>Marie STAHL,<br>Georges TRIANTAFILLIDIS<\/td><td>Quand les archives construisent la cartographie : le projet collectif de recherches \u00ab Archives scientifiques de l\u2019arch\u00e9ologie : le fonds Arthur Stieber \u00bb.<\/td><\/tr><tr><td>Cl\u00e9ment F\u00e9liu<\/td><td>Les fronti\u00e8res gauloises :<br>Probl\u00e8mes heuristiques, solutions g\u00e9omatiques ?<\/td><\/tr><\/tbody><\/table><\/figure>\n<\/div><\/div>\n<\/div>\n<\/div>\n\n\n\n<p><strong>Histoire m\u00e9di\u00e9vale<\/strong><\/p>\n\n\n\n<figure class=\"wp-block-table\"><table class=\"has-fixed-layout\"><tbody><tr><td>Alexandre Vergos<\/td><td>De l\u2019usage des SIG en histoire m\u00e9di\u00e9vale :<br>Ancrage territorial et r\u00e9seaux de l\u2019aristocratie du comt\u00e9 de Melgueil (XIe-XIIe si\u00e8cles)<\/td><\/tr><tr><td>R\u00e9mi CROUZEVIALLE,<br>Fabien CERBELAUD,<br>No\u00eblle DEFLOU-LECA,<br>Anne MASSON,<br>Juliette MOREL<\/td><td>Le projet ANR Col&amp;Mon : une base de donn\u00e9es des \u00e9tablissements religieux communautaires fran\u00e7ais pour explorer,<br>visualiser et cartographier les \u00e9volutions institutionnelles et les r\u00e9seaux<\/td><\/tr><\/tbody><\/table><\/figure>\n\n\n\n<p><strong>Histoire urbaine<\/strong><\/p>\n\n\n\n<figure class=\"wp-block-table\"><table class=\"has-fixed-layout\"><tbody><tr><td>Angelo Odore,<br>Daniele Di Bartolomeo<\/td><td>Marseille during the French Revolution, 1789-1792. Historical mapping test from GIS<\/td><\/tr><tr><td>Paul Lecat<\/td><td>Reconstituer la fabrique d\u2019un quartier populaire parisien au milieu du XIXe si\u00e8cle.<\/td><\/tr><tr><td>Mathieu Fernandez<\/td><td>Reconstitution de l\u2019environnement urbain historique \u00e0 Paris : la contamination de l\u2019eau<\/td><\/tr><tr><td>L\u00e9on Robichaud<\/td><td>Redonner vie aux donn\u00e9es vectorielles archiv\u00e9es. La cartographie de la propri\u00e9t\u00e9 et du b\u00e2ti montr\u00e9alais, 1642-1805.<\/td><\/tr><\/tbody><\/table><\/figure>\n\n\n\n<p><strong>Histoire rurale<\/strong><\/p>\n\n\n\n<figure class=\"wp-block-table\"><table class=\"has-fixed-layout\"><tbody><tr><td>Laurent Herment<\/td><td>D\u00e9termination des aires de march\u00e9s des c\u00e9r\u00e9ales dans la France du XIXe si\u00e8cle.<\/td><\/tr><tr><td>Rapha\u00ebl Morera,<br>Benoit Pandolfi,<br>Pascal Cristofoli<\/td><td>L\u2019\u00e9conomie des moulins d\u2019Ile-de-France sous l\u2019Ancien R\u00e9gime : des baux aux cartes.<\/td><\/tr><\/tbody><\/table><\/figure>\n\n\n\n<p><strong>Litt\u00e9rature<\/strong><\/p>\n\n\n\n<figure class=\"wp-block-table\"><table class=\"has-fixed-layout\"><tbody><tr><td>L\u00e9a Renucci<\/td><td>De la g\u00e9ographie et des lettres : sources \u00e9pistolaires et cartographie<\/td><\/tr><tr><td>C\u00e9cile D\u00f4 H\u00fcu<\/td><td>\u00ab Dessine-moi l\u2019oc\u00e9an Indien. \u00bb L\u2019exemple d\u2019une cartographie litt\u00e9raire \u00e0 partir de textes de J. Conrad et J.M.G. Le Cl\u00e9zio<\/td><\/tr><tr><td>Sodre Maluly Vinicius<\/td><td>Le r\u00e9cit superpos\u00e9 : une \u00e9tude comparative de la m\u00eame source<\/td><\/tr><tr><td>Juliette Morel<\/td><td>Des sources alternatives pour mod\u00e9liser l\u2019histoire coloniale des villes.<br>L\u2019exemple de la cartographie critique de Fort-de-France en Martinique \u00e0 partir de sources litt\u00e9raires.<\/td><\/tr><tr><td>Davide Gherdevich, Anne Rochebouet<\/td><td>Usages politiques et esth\u00e9tiques de l&#8217;imaginaire troyen \u00e0 l&#8217;\u00e9poque m\u00e9di\u00e9vale : approche interdisciplinaire d&#8217;un espace privil\u00e9gi\u00e9 de r\u00e9flexion pour penser la transition<\/td><\/tr><\/tbody><\/table><\/figure>\n\n\n\n<p><strong>Constitution de r\u00e9f\u00e9rentiels historiques<\/strong><\/p>\n\n\n\n<figure class=\"wp-block-table\"><table class=\"has-fixed-layout\"><tbody><tr><td>Victor Gay<\/td><td>L&#8217;\u00e9cosyst\u00e8me TRF-GIS: un SIG pour la France de la Troisi\u00e8me R\u00e9publique<\/td><\/tr><tr><td>Alexis LITVINE<br>Isabelle SEGUY<br>Thomas THEVENIN<br>Christophe MIMEUR<\/td><td>Vers une reconstitution des maillages communaux et des r\u00e9seaux de<br>communication depuis la R\u00e9volution dans le projet ANR-COMMUNES<\/td><\/tr><tr><td>Claude Motte<br>Marie-Christine Vouloir<br>Bertrand Dumenieu<br>Pascal Cristofoli<\/td><td>Retour d\u2019exp\u00e9rience sur l\u2019\u00e9laboration d\u2019un r\u00e9f\u00e9rentiel g\u00e9ohistorique \u00e0 l\u2019\u00e9chelle de la France m\u00e9tropolitaine<\/td><\/tr><\/tbody><\/table><\/figure>\n\n\n\n<p><strong>Adresses et g\u00e9ocodage<\/strong><\/p>\n\n\n\n<figure class=\"wp-block-table is-style-regular\"><table class=\"has-fixed-layout\"><tbody><tr><td>Gabriela Elgarrista,<br>Fr\u00e9d\u00e9rique M\u00e9lanie-Becquet,<br>Carmen Brando,<br>Mohamed Khemakhem,<br>Laurent Romary,<br>Jean-Luc Pinol<\/td><td>Cha\u00eene de traitement pour l&#8217;analyse des anciens r\u00e9pertoires d&#8217;adresses de propri\u00e9taires de Paris (XIXe \u2013 Xxe)<\/td><\/tr><tr><td>St\u00e9phane BACIOCCHI,<br>Julien PERRET<\/td><td>Des anciens num\u00e9rotages urbains. Sources historiques &amp; mod\u00e8les de donn\u00e9es g\u00e9omatiques (Grenoble et sa banlieue, 1790-1864)<\/td><\/tr><tr><td>Anne Vitu,<br>Mathieu Marraud,<br>Eric Mermet<\/td><td>L\u2019almanach de Paris et le plan Verniquet : cartographies et analyses des adresses de l\u2019ancien r\u00e9gime<\/td><\/tr><\/tbody><\/table><\/figure>\n\n\n\n<p><strong>Analyses des ph\u00e9nom\u00e8nes socio-spatiaux<\/strong><\/p>\n\n\n\n<figure class=\"wp-block-table\"><table class=\"has-fixed-layout\"><tbody><tr><td>K\u00e9sia ANASTACIO ALVES DA SILVA,<br>Vanessa MOURA DE LACERDA TEIXEIRA<\/td><td>Le g\u00e9ocodage du Cadastre National d&#8217;Adresses pour des Fins Statistiques (CNEFE) du Br\u00e9sil dans les SIG&#8217;s :<br>une m\u00e9thodologie pour l&#8217;analyse des centralit\u00e9s urbaines de villes moyennes br\u00e9siliennes<\/td><\/tr><tr><td>Tiago Gil<\/td><td>Migrations, d\u00e9placement et d\u00e9m\u00e9nagement : cartographie narrative du mouvement.<\/td><\/tr><tr><td>Miquel Figueras Moreu<\/td><td>Crit\u00e8res ethno-cartographiques pour le rep\u00e8re des nexus endogames.<br>Le cas des Enyepa (Panare) du Moyen Or\u00e9noque (Venezuela)<\/td><\/tr><tr><td>Jean-Luc Pinol<\/td><td>La d\u00e9portation des Juifs de France, au croisement des temporalit\u00e9s et du spatial<\/td><\/tr><\/tbody><\/table><\/figure>\n\n\n\n<p><strong>M\u00e9thodologie &amp; outils<\/strong><\/p>\n\n\n\n<figure class=\"wp-block-table\"><table class=\"has-fixed-layout\"><tbody><tr><td>Ellie Khounlivong<\/td><td>Folies et &#8220;tournants&#8221; \u00e0 la fin du XVIII\u00e8me si\u00e8cle<\/td><\/tr><tr><td>Philippe Hirou<\/td><td>L\u2019apport d\u2019un outil de recherche de toponymes dans la base de l\u2019IGN :<br>Topomine<\/td><\/tr><\/tbody><\/table><\/figure>\n\n\n\n<p><strong>Web s\u00e9mantique \/ web de donn\u00e9es \/ linked open data<\/strong><\/p>\n\n\n\n<figure class=\"wp-block-table\"><table class=\"has-fixed-layout\"><tbody><tr><td>Federico NURRA<\/td><td>Du th\u00e9saurus aux LOD g\u00e9ographiques : l\u2019exp\u00e9rience de la gestion des \u00ab lieux \u00bb dans les bases de recherche de l\u2019INHA (AGORHA).<\/td><\/tr><tr><td>Aurelia Desplain<\/td><td>Collections de m\u00e9dias en ligne et cartographie num\u00e9rique : des outils<br>pour l\u2019\u00e9tude des processus actuels de patrimonialisation architecturale<br>et culturelle \u00e0 Tianjin, Chine<\/td><\/tr><tr><td>Jean S\u00e9bastien Gros<\/td><td>&#8220;Unlocking data&#8221; optimiser les sources externes, le SIG ThaCER<\/td><\/tr><tr><td>Anne-Val\u00e9rie Schweyer<\/td><td>La construction d\u2019un espace r\u00e9gional sur lalongue dur\u00e9e en Centre Vietnam<\/td><\/tr><\/tbody><\/table><\/figure>\n\n\n\n<p><strong>WebSIG<\/strong><\/p>\n\n\n\n<figure class=\"wp-block-table\"><table class=\"has-fixed-layout\"><tbody><tr><td>Laurent Costa<\/td><td>L&#8217;application de webmapping C&#8217;herloQ : un outil de partage des donn\u00e9es arch\u00e9ologiques de Chartres<\/td><\/tr><tr><td>Christophe TUFFERY,<br>Vincent DELVIGNE,<br>Paul Fernandes<\/td><td>Mise en \u0153uvre d\u2019une plateforme cartographique et d\u2019une application mobile pour la<br>consultation et le partage de donn\u00e9es sur les formations siliceuses. Retour d\u2019exp\u00e9rience du GDR SILEX<\/td><\/tr><\/tbody><\/table><\/figure>\n","protected":false},"excerpt":{"rendered":"<p>Arch\u00e9ologie Charl\u00e8ne Morel,Damien Ertlen,Pierre-Alexis Herrault,Loup Bernard Un mod\u00e8le pour \u00e9tudier les strat\u00e9gies d\u2019occupation sur la longue dur\u00e9e : le Kochersberg (Bas-Rhin, Alsace), du N\u00e9olithique au Moyen \u00e2ge Christophe TUFFERY,Vincent DELVIGNE,Paul Fernandes Mise en oeuvre d\u2019une plateforme cartographique et d\u2019une application mobile pour la consultation et le partage de donn\u00e9es sur les formations siliceuses. Retour d\u2019exp\u00e9rience [&hellip;]<\/p>\n","protected":false},"author":1,"featured_media":0,"parent":0,"menu_order":0,"comment_status":"closed","ping_status":"closed","template":"","meta":{"footnotes":""},"_links":{"self":[{"href":"http:\/\/psig.huma-num.fr\/seminaire-sources-aux-sig\/wp-json\/wp\/v2\/pages\/55"}],"collection":[{"href":"http:\/\/psig.huma-num.fr\/seminaire-sources-aux-sig\/wp-json\/wp\/v2\/pages"}],"about":[{"href":"http:\/\/psig.huma-num.fr\/seminaire-sources-aux-sig\/wp-json\/wp\/v2\/types\/page"}],"author":[{"embeddable":true,"href":"http:\/\/psig.huma-num.fr\/seminaire-sources-aux-sig\/wp-json\/wp\/v2\/users\/1"}],"replies":[{"embeddable":true,"href":"http:\/\/psig.huma-num.fr\/seminaire-sources-aux-sig\/wp-json\/wp\/v2\/comments?post=55"}],"version-history":[{"count":4,"href":"http:\/\/psig.huma-num.fr\/seminaire-sources-aux-sig\/wp-json\/wp\/v2\/pages\/55\/revisions"}],"predecessor-version":[{"id":149,"href":"http:\/\/psig.huma-num.fr\/seminaire-sources-aux-sig\/wp-json\/wp\/v2\/pages\/55\/revisions\/149"}],"wp:attachment":[{"href":"http:\/\/psig.huma-num.fr\/seminaire-sources-aux-sig\/wp-json\/wp\/v2\/media?parent=55"}],"curies":[{"name":"wp","href":"https:\/\/api.w.org\/{rel}","templated":true}]}}