{"id":59,"date":"2021-01-08T11:43:35","date_gmt":"2021-01-08T10:43:35","guid":{"rendered":"http:\/\/psig.huma-num.fr\/colloque-sources-aux-sig\/?page_id=59"},"modified":"2022-01-28T12:06:48","modified_gmt":"2022-01-28T11:06:48","slug":"programme","status":"publish","type":"page","link":"http:\/\/psig.huma-num.fr\/seminaire-sources-aux-sig\/programme\/","title":{"rendered":"Programme 2020\/2021"},"content":{"rendered":"\n<p><strong>S\u00e9ance #1 : 2 f\u00e9vrier 2021<\/strong><\/p>\n\n\n\n<p>14h00 &#8211; Pr\u00e9sentation du S\u00e9minaire (Citlalli Dominguez, Davide Gherdevich, Eric Mermet, Giovanni Pietro Vitali)<\/p>\n\n\n\n<p>14h15 &#8211; David&nbsp;WRISLEY&nbsp;: \u00ab<em>Mind the (Data) Gap: Heterogeneity, Uncertainty and Serendipity in the Spatial Humanities&nbsp;\u00bb&nbsp;<\/em>New York University\/Abu Dhabi<\/p>\n\n\n\n<p>Les deux interventions ont pour objet l&#8217;utilisation des SIG pour l&#8217;histoire m\u00e9di\u00e9vale.<\/p>\n\n\n\n<p>15h00&nbsp;&#8211;&nbsp;R\u00e9mi CROUZEVIALLE, Fabien CERBELAUD, No\u00eblle DEFLOU-LECA, Anne MASSONI, Juliette MOREL&nbsp;: \u00ab&nbsp;<em>Le projet ANR Col&amp;Mon&nbsp;&nbsp;: une base de donn\u00e9es des \u00e9tablissements religieux communautaires fran\u00e7ais pour explorer, visualiser et cartographier les \u00e9volutions institutionnelles et les r\u00e9seaux&nbsp;<\/em>\u00bb Universit\u00e9 de Limoges<\/p>\n\n\n\n<p>15h30 &#8211; Alexandre&nbsp;VERGOS&nbsp;:&nbsp;\u00ab&nbsp;De l\u2019usage des SIG en histoire m\u00e9di\u00e9vale : Ancrage territorial et r\u00e9seaux de l\u2019aristocratie du comt\u00e9 de Melgueil (XIe-XIIe si\u00e8cles)&nbsp;\u00bb&nbsp;FRAMESPA Universit\u00e9 de Toulouse \u2013 Jean Jaur\u00e8s<\/p>\n\n\n\n<p>16h00 &#8211; Discussion<\/p>\n\n\n\n<p><strong>S\u00e9ance #2 : 16 f\u00e9vrier 2021<\/strong><\/p>\n\n\n\n<p><strong>Th\u00e9matique portant sur l&#8217;analyse des ph\u00e9nom\u00e8nes spatiaux<\/strong><\/p>\n\n\n\n<p>Miquel Figueras Moreu&nbsp;: \u00ab&nbsp;Crit\u00e8res ethno-cartographiques pour le rep\u00e8re des nexus endogames. Le cas des Enyepa (Panare) du Moyen Or\u00e9noque (Venezuela)&nbsp;\u00bb LAS &#8211; EHESS, Paris<\/p>\n\n\n\n<p>K\u00e9sia Anastacio Alves Da Silva, Vanessa Moura De Lacerda Teixeira  : \u00ab&nbsp;Le g\u00e9ocodage du Cadastre National d&#8217;Adresses pour des Fins Statistiques (CNEFE) du Br\u00e9sil dans les SIG&#8217;s : une m\u00e9thodologie pour l&#8217;analyse des centralit\u00e9s urbaines de villes moyennes br\u00e9siliennes&nbsp;\u00bb Universit\u00e9 de l\u2019Etat de S\u00e3o Paulo UNESP<\/p>\n\n\n\n<p>Tiago Gil&nbsp; : \u00ab&nbsp;Migrations, d\u00e9placement et d\u00e9m\u00e9nagement : cartographie narrative du mouvement.&nbsp;\u00bb Univerit\u00e9 de Brasilia<\/p>\n\n\n\n<p>Jean-Luc Pinol : \u00ab\u00a0<a href=\"http:\/\/psig.huma-num.fr\/seminaire-sources-aux-sig\/wp-content\/uploads\/2021\/02\/Jean-Luc_Pinol__Convois_colloque_sources_SIG.pdf\">La d\u00e9portation des Juifs de France, au croisement des temporalit\u00e9s et du spatial<\/a>\u00a0\u00bb ENS Lyon-LARHRA\/ Paris Time Machine<\/p>\n\n\n\n<p><strong>S\u00e9ance #3 : 9 mars 2021<\/strong><\/p>\n\n\n\n<p><strong>Th\u00e9matique litt\u00e9rature, le traitement automatique de la langue<\/strong> (<a href=\"https:\/\/www.youtube.com\/watch?v=eD4gDkadXp0&amp;t=7173s\" target=\"_blank\" rel=\"noreferrer noopener\">enregistrement de la s\u00e9ance<\/a>)<\/p>\n\n\n\n<p>Sodre Maluly Vinicius&nbsp;: \u00ab&nbsp;Le r\u00e9cit superpos\u00e9 : une \u00e9tude comparative de la m\u00eame source&nbsp;\u00bb EHSS<\/p>\n\n\n\n<p>Juliette Morel&nbsp;  : \u00ab&nbsp;Des sources alternatives pour mod\u00e9liser l\u2019histoire coloniale des villes. L\u2019exemple de la cartographie critique de Fort-de-France en Martinique \u00e0 partir de sources litt\u00e9raires.&nbsp;\u00bb Universi\u00e9 Paris est Creteil Lab&#8217;Urba<\/p>\n\n\n\n<p>Davide Gherdevich, Anne Rochebouet&nbsp; : \u00ab&nbsp;Usages politiques et esth\u00e9tiques de l\u2019imaginaire troyen \u00e0 l\u2019\u00e9poque m\u00e9di\u00e9vale : approche interdisciplinaire d\u2019un espace privil\u00e9gi\u00e9 de r\u00e9flexion pour penser la transition&nbsp;\u00bb. DYPAC &#8211; Universit\u00e9 Versailles Saint Quentin en Yvelines<\/p>\n\n\n\n<p>Philippe Boula de Mare\u00fcil : \u00ab&nbsp;Cartographie linguistique des dialectes de France : un atlas sonore en ligne\u00bb. LIMSI &#8211; Universit\u00e9 Paris Saclay<\/p>\n\n\n\n<p><strong>S\u00e9ance #4 : 23 mars 2021 <\/strong><\/p>\n\n\n\n<p><strong>Th\u00e9matique arch\u00e9ologie<\/strong> (<a href=\"https:\/\/www.youtube.com\/watch?v=gyp4Dgk6438\" data-type=\"URL\" data-id=\"https:\/\/www.youtube.com\/watch?v=gyp4Dgk6438\" target=\"_blank\" rel=\"noreferrer noopener\">enregistrement de la s\u00e9ance<\/a>)<\/p>\n\n\n\n<p>Professeur invit\u00e9<\/p>\n\n\n\n<p>Stefano Campana  : \u00ab&nbsp;&#8230;there are known knowns; there are things we know we know. We also know there are known unknowns; that is to say we know there are some things we do not know. But there are also unknown unknowns, the ones we don&#8217;t know we don&#8217;t know \u00bb  LAP&amp;T &#8211; Universit\u00e0 degli studi di Siena<\/p>\n\n\n\n<p>Charl\u00e8ne Morel, Damien Ertlen, Pierre-Alexis Herrault, Loup Bernard &nbsp;: \u00ab&nbsp;Un mod\u00e8le pour \u00e9tudier les strat\u00e9gies d\u2019occupation sur la longue dur\u00e9e : le Kochersberg (Bas-Rhin, Alsace), du N\u00e9olithique au Moyen \u00e2ge&nbsp;\u00bb&nbsp;UMR 7044 &#8211; ED 519 Universit\u00e9 de Strasbourg<\/p>\n\n\n\n<p>Cl\u00e9ment F\u00e9liu : \u00ab&nbsp;Les fronti\u00e8res gauloises : Probl\u00e8mes heuristiques, solutions g\u00e9omatiques ?&nbsp;\u00bb  Centre arch\u00e9ologique de Strasbourg<\/p>\n\n\n\n<p>Christophe Tuff\u00e9ry, Vincent Delvigne, Paul Fernandes, Erwan Vaissi\u00e9 : \u00abMise en oeuvre d\u2019une plateforme cartographique et d\u2019une application mobile pour la consultation et le partage de donn\u00e9es sur les formations siliceuses. Retour d\u2019exp\u00e9rience du GDR SILEX\u00bb, INRAP, Universit\u00e9 de Li\u00e8ge, Universit\u00e9 de Bordeaux<\/p>\n\n\n\n<p><strong>S\u00e9ance #5 : 6 avril 2021<\/strong><\/p>\n\n\n\n<p><strong>Th\u00e9matique Adresses<\/strong> (<a href=\"https:\/\/www.youtube.com\/watch?v=4xkZHdy88DU\" data-type=\"URL\" data-id=\"https:\/\/www.youtube.com\/watch?v=4xkZHdy88DU\" target=\"_blank\" rel=\"noreferrer noopener\">enregistrement de la s\u00e9ance<\/a>)<\/p>\n\n\n\n<p>Gabriela Elgarrista, Fr\u00e9d\u00e9rique M\u00e9lanie-Becquet, Carmen Brando, Mohamed Khemakhem, Laurent Romary, Jean-Luc Pinol&nbsp; : \u00ab&nbsp;Cha\u00eene de traitement pour l\u2019analyse des anciens r\u00e9pertoires d\u2019adresses de propri\u00e9taires de Paris (XIXe \u2013 XXe)&nbsp;\u00bb EHESS \/ CNRS \/ INRIA<\/p>\n\n\n\n<p>St\u00e9phane Baciocchi, Julien Perret &nbsp;: \u00ab&nbsp;Des anciens num\u00e9rotages urbains. Sources historiques &amp; mod\u00e8les de donn\u00e9es g\u00e9omatiques (Grenoble et sa banlieue, 1790-1864)&nbsp;\u00bb EHESS \/ IGN<\/p>\n\n\n\n<p>Anne Vitu, Mathieu Marraud, Eric Mermet &nbsp;:&nbsp; \u00ab&nbsp;L\u2019almanach de Paris et le plan Verniquet : cartographies et analyses des adresses de l\u2019ancien r\u00e9gime&nbsp;\u00bb CNRS \/ EHESS &#8211; CRH CNRS \/ EHESS \u2013 CAMS<\/p>\n\n\n\n<p><strong>S\u00e9ance #6 : 13 avril 2021<\/strong><\/p>\n\n\n\n<p><strong>Th\u00e9matique Histoire Urbaine<\/strong> <strong>et 3D<\/strong><\/p>\n\n\n\n<p>Angelo Odore, Daniele Di Bartolomeo  :  \u00ab Marseille during the French Revolution, 1789-1792. Historical mapping test from GIS&nbsp;\u00bb Universit\u00e0 di Teramo, EHSS- Marseille<\/p>\n\n\n\n<p>L\u00e9on Robichaud : \u00ab&nbsp;Redonner vie aux donn\u00e9es vectorielles archiv\u00e9es. La cartographie de la propri\u00e9t\u00e9 et du b\u00e2ti montr\u00e9alais, 1642-1805.&nbsp;\u00bb Universit\u00e9 de Sherbrooke <\/p>\n\n\n\n<p>Paul Lecat : \u00ab&nbsp;Reconstituer la fabrique d\u2019un quartier populaire parisien au milieu du XIXe si\u00e8cle&nbsp;\u00bb ACP, universit\u00e9 Gustave Eiffel<\/p>\n\n\n\n<p>Mathieu Fernandez&nbsp;: \u00ab&nbsp;Reconstitution de l\u2019environnement urbain historique \u00e0 Paris : la contamination de l\u2019eau&nbsp;\u00bb LSCE-CNRS<\/p>\n\n\n\n<p><strong>S\u00e9ance #7 : 4 mai 2021<\/strong><\/p>\n\n\n\n<p><strong>Th\u00e9matique R\u00e9f\u00e9rentiels G\u00e9ohistoriques<\/strong>  (<a href=\"https:\/\/www.youtube.com\/watch?v=mBAlRdWR41k\" data-type=\"URL\" target=\"_blank\" rel=\"noreferrer noopener\">enregistrement de la s\u00e9ance<\/a>) <\/p>\n\n\n\n<p>Victor Gay  : \u00ab&nbsp;L\u2019\u00e9cosyst\u00e8me TRF-GIS: un SIG pour la France de la Troisi\u00e8me R\u00e9publique&nbsp;\u00bb Toulouse School of Economics<\/p>\n\n\n\n<p>Alexis Litvine, Isabelle Seguy, Thomas Thevenin, Christophe Mimeur&nbsp;:&nbsp;\u00ab&nbsp;Vers une reconstitution des maillages communaux et des r\u00e9seaux de communication depuis la R\u00e9volution dans le projet ANR-COMMUNES&nbsp;\u00bb Universit\u00e9 de Cambridge\/INED\/Th\u00e9MA Universit\u00e9 de Bourgogne-Franche-Comt\u00e9\/ MRTE Cergy Paris Universit\u00e9<\/p>\n\n\n\n<p>Claude Motte, Marie-Christine Vouloir, Bertrand Dumenieu, Pascal Cristofoli&nbsp; : \u00ab&nbsp;Retour d\u2019exp\u00e9rience sur l\u2019\u00e9laboration d\u2019un r\u00e9f\u00e9rentiel g\u00e9ohistorique \u00e0 l\u2019\u00e9chelle de la France m\u00e9tropolitaine&nbsp;\u00bb EHESS, LaD\u00e9HiS\/CRH<\/p>\n\n\n\n<p><strong>S\u00e9ance #8 : 18 mai 2021<\/strong><\/p>\n\n\n\n<p><strong>Th\u00e9matique Web de donn\u00e9es \/ Linked Open Data<\/strong>   (<a href=\"https:\/\/www.youtube.com\/watch?v=K-8im2csuSw\" data-type=\"URL\" target=\"_blank\" rel=\"noreferrer noopener\">enregistrement de la s\u00e9ance<\/a>)  <\/p>\n\n\n\n<p>Federico Nurra &nbsp;: \u00ab&nbsp;Du th\u00e9saurus aux LOD g\u00e9ographiques : l\u2019exp\u00e9rience de la gestion des \u00ab lieux \u00bb dans les bases de recherche de l\u2019INHA (AGORHA).&nbsp;\u00bb Institut national d\u2019histoire de l\u2019art<\/p>\n\n\n\n<p>Aurelia Desplain : \u00ab&nbsp;Collections de m\u00e9dias en ligne et cartographie num\u00e9rique : des outils pour l\u2019\u00e9tude des processus actuels de patrimonialisation architecturaleet culturelle \u00e0 Tianjin, Chine&nbsp;\u00bb EHESS\/CECMC<\/p>\n\n\n\n<p>Anne-Val\u00e9rie Schweyer &nbsp;:&nbsp;\u00ab&nbsp;La construction d\u2019un espace r\u00e9gional sur la longue dur\u00e9e en Centre Vietnam&nbsp;\u00bb CNRS &#8211; EHESS\/CASE<\/p>\n\n\n\n<p><strong>S\u00e9ance #9 : 1 juin 2021<\/strong> <\/p>\n\n\n\n<p><strong>Th\u00e9matique Outils  \/ M\u00e9thodologie<\/strong>    (<a href=\"https:\/\/www.youtube.com\/watch?v=zHN1PF5-4os\" data-type=\"URL\" target=\"_blank\" rel=\"noreferrer noopener\">enregistrement de la s\u00e9ance<\/a>)   <\/p>\n\n\n\n<p>Philippe Hirou : \u00ab&nbsp;L\u2019apport d\u2019un outil de recherche de toponymes dans la base de l\u2019IGN : Topomine&nbsp;\u00bb EHESS<\/p>\n\n\n\n<p>Ellie Khounlivong, Christophe Claramunt &nbsp;:&nbsp;\u00abFolies et &#8220;tourmants&#8221; \u00e0 la fin du XVIII \u00e8me si\u00e8cle&nbsp;\u00bb EHESS<\/p>\n\n\n\n<p>Laurent Costa &nbsp;: \u00ab&nbsp;La fabrique num\u00e9rique du pass\u00e9 ?&nbsp;\u00bb CNRS \/ MAE Nanterre<\/p>\n\n\n\n<p>Karine Zeitouni &nbsp;:&nbsp;\u00ab&nbsp;Une autre vision de l&#8217;espace et du temps sur le plan de l&#8217;organisation des donn\u00e9es dans les SIG&nbsp;\u00bb DAVID &#8211; Universit\u00e9 Versailles Saint Quentin en Yvelines<\/p>\n\n\n\n<p><strong>S\u00e9ance #10 : 15 juin 2021<\/strong><\/p>\n\n\n\n<p><strong>Th\u00e9matique Histoire Rurale<\/strong> \/ <strong>Archive<\/strong>   (<a href=\"https:\/\/www.youtube.com\/watch?v=gR6-nj_8Y_0\" data-type=\"URL\" target=\"_blank\" rel=\"noreferrer noopener\">enregistrement de la s\u00e9ance<\/a>)    <\/p>\n\n\n\n<p>Simon Gabay, Pedro Javier Ortiz : \u00ab A dataset for automatic detection of places in (early) modern French texts (<strong>titre provisoire<\/strong>) \u00bb Universit\u00e9 de Gen\u00e8ve \/ INRIA <\/p>\n\n\n\n<p>C\u00e9cile Courtaud,  Soline Moriniere, Bernadette Schnitzler, Marie Stahl Georges Triantafillidis:&nbsp;\u00ab&nbsp;Quand les archives construisent la cartographie : le projet collectif de recherches &#8220;Archives scientifiques de l\u2019arch\u00e9ologie : le fonds Arthur Stieber &#8221; \u00bb Drac Grand Est, MAN Saint-Germain-en-Laye, Mus\u00e9e arch\u00e9ologique de Strasbourg, Ecole Fran\u00e7aise d\u2019Ath\u00e8nes.<\/p>\n\n\n\n<p>L\u00e9a Renucci &nbsp;:&nbsp;\u00abDe la g\u00e9ographie et des lettres : sources \u00e9pistolaires et cartographie&nbsp;\u00bb Centre Norbert Elias EHESS \/ Universit\u00e9 de V\u00e9rone<\/p>\n\n\n\n<p>Laurent Herment &nbsp;: \u00ab&nbsp;Syst\u00e8me agraire et utilisation des engrais<br>au 19\u00e8me si\u00e8cle en France&nbsp;\u00bb CNRS \/ EHESS &#8211; CRH<\/p>\n\n\n\n<p>Rapha\u00ebl Morera, Benoit Pandolfi, Pascal Cristofoli, : \u00ab&nbsp;L\u2019\u00e9conomie des moulins d\u2019Ile-de-France sous l\u2019Ancien R\u00e9gime : des baux aux cartes.&nbsp;\u00bb CNRS \/ EHESS &#8211; CRH \/ CRM<\/p>\n","protected":false},"excerpt":{"rendered":"<p>S\u00e9ance #1 : 2 f\u00e9vrier 2021 14h00 &#8211; Pr\u00e9sentation du S\u00e9minaire (Citlalli Dominguez, Davide Gherdevich, Eric Mermet, Giovanni Pietro Vitali) 14h15 &#8211; David&nbsp;WRISLEY&nbsp;: \u00abMind the (Data) Gap: Heterogeneity, Uncertainty and Serendipity in the Spatial Humanities&nbsp;\u00bb&nbsp;New York University\/Abu Dhabi Les deux interventions ont pour objet l&#8217;utilisation des SIG pour l&#8217;histoire m\u00e9di\u00e9vale. 15h00&nbsp;&#8211;&nbsp;R\u00e9mi CROUZEVIALLE, Fabien CERBELAUD, No\u00eblle [&hellip;]<\/p>\n","protected":false},"author":1,"featured_media":0,"parent":0,"menu_order":0,"comment_status":"closed","ping_status":"closed","template":"","meta":{"footnotes":""},"_links":{"self":[{"href":"http:\/\/psig.huma-num.fr\/seminaire-sources-aux-sig\/wp-json\/wp\/v2\/pages\/59"}],"collection":[{"href":"http:\/\/psig.huma-num.fr\/seminaire-sources-aux-sig\/wp-json\/wp\/v2\/pages"}],"about":[{"href":"http:\/\/psig.huma-num.fr\/seminaire-sources-aux-sig\/wp-json\/wp\/v2\/types\/page"}],"author":[{"embeddable":true,"href":"http:\/\/psig.huma-num.fr\/seminaire-sources-aux-sig\/wp-json\/wp\/v2\/users\/1"}],"replies":[{"embeddable":true,"href":"http:\/\/psig.huma-num.fr\/seminaire-sources-aux-sig\/wp-json\/wp\/v2\/comments?post=59"}],"version-history":[{"count":34,"href":"http:\/\/psig.huma-num.fr\/seminaire-sources-aux-sig\/wp-json\/wp\/v2\/pages\/59\/revisions"}],"predecessor-version":[{"id":200,"href":"http:\/\/psig.huma-num.fr\/seminaire-sources-aux-sig\/wp-json\/wp\/v2\/pages\/59\/revisions\/200"}],"wp:attachment":[{"href":"http:\/\/psig.huma-num.fr\/seminaire-sources-aux-sig\/wp-json\/wp\/v2\/media?parent=59"}],"curies":[{"name":"wp","href":"https:\/\/api.w.org\/{rel}","templated":true}]}}