{"id":8,"date":"2020-06-17T13:36:50","date_gmt":"2020-06-17T11:36:50","guid":{"rendered":"http:\/\/psig.huma-num.fr\/colloque-sources-aux-sig\/?page_id=8"},"modified":"2023-01-03T14:12:49","modified_gmt":"2023-01-03T13:12:49","slug":"organisation","status":"publish","type":"page","link":"http:\/\/psig.huma-num.fr\/seminaire-sources-aux-sig\/organisation\/","title":{"rendered":"Organisation"},"content":{"rendered":"\n<p><strong>Comit\u00e9 d\u2019organisation<\/strong><\/p>\n\n\n\n<p><a href=\"fabien.cerbelaud@unilim.fr\">Fabien Cerbelaud<\/a> (CRIHAM Universit\u00e9 de Limoges)<\/p>\n\n\n\n<p><a href=\"remi.crouzevialle@unilim.fr\">R\u00e9mi Crouzevialle<\/a> (CRIHAM Universit\u00e9 de Limoges)<\/p>\n\n\n\n<p><a href=\"http:\/\/www.dypac.uvsq.fr\/ingenieurs-techniciens-\/m-davide-gherdevich--368364.kjsp?RH=1582643065219\">Davide Gherdevich<\/a> (DYPAC UVSQ) <\/p>\n\n\n\n<p><a href=\"http:\/\/cams.ehess.fr\/eric-mermet\/\">Eric Mermet <\/a>(CNRS &#8211; TSE)<\/p>\n\n\n\n<p><\/p>\n\n\n\n<p><strong>Comit\u00e9 scientifique<\/strong><\/p>\n\n\n\n<p><a href=\"http:\/\/www.dypac.uvsq.fr\/membres-associes\/mme-citlalli-dominguez--399872.kjsp?RH=1354725760243\">Citlalli Dominguez<\/a> (DYPAC UVSQ)<\/p>\n\n\n\n<p><a href=\"http:\/\/www.dypac.uvsq.fr\/ingenieurs-techniciens-\/m-davide-gherdevich--368364.kjsp?RH=1582643065219\">Davide Gherdevich<\/a> (DYPAC UVSQ)<\/p>\n\n\n\n<p><a href=\"http:\/\/cams.ehess.fr\/eric-mermet\/\">Eric Mermet<\/a> (CNRS &#8211; EHESS\/CAMS\/ISC-PIF)<\/p>\n\n\n\n<p><a href=\"http:\/\/www.dypac.uvsq.fr\/enseignants-chercheurs\/mme-anne-rochebouet--368623.kjsp?RH=1354725663517\">Anne Rochebouet<\/a> (DYPAC UVSQ)<\/p>\n\n\n\n<p><a href=\"http:\/\/www.david.uvsq.fr\/?profile=kedad-zoubida-2\">Zoubida Kedad <\/a>(DAVID UVSQ)<\/p>\n\n\n\n<p><a href=\"https:\/\/www.david.uvsq.fr\/?profile=zeitouni-karine-2\">Karine Zeitouni<\/a> (DAVID UVSQ)<\/p>\n\n\n\n<p><a href=\"http:\/\/www.arscan.fr\/grec-archaique-classique\/equipes\/laurent-costa\/\">Laurent Costa<\/a> (CNRS-MAE Nanterre)<\/p>\n\n\n\n<p><a href=\"http:\/\/crh.ehess.fr\/index.php?5088\">Carmen Brando<\/a> (EHESS)<\/p>\n\n\n\n<p><a href=\"http:\/\/www.dypac.uvsq.fr\/giovanni-pietro-vitali\">Giovanni Pietro Vitali<\/a> (DYPAC UVSQ)<\/p>\n\n\n\n<p><\/p>\n","protected":false},"excerpt":{"rendered":"<p>Comit\u00e9 d\u2019organisation Fabien Cerbelaud (CRIHAM Universit\u00e9 de Limoges) R\u00e9mi Crouzevialle (CRIHAM Universit\u00e9 de Limoges) Davide Gherdevich (DYPAC UVSQ) Eric Mermet (CNRS &#8211; TSE) Comit\u00e9 scientifique Citlalli Dominguez (DYPAC UVSQ) Davide Gherdevich (DYPAC UVSQ) Eric Mermet (CNRS &#8211; EHESS\/CAMS\/ISC-PIF) Anne Rochebouet (DYPAC UVSQ) Zoubida Kedad (DAVID UVSQ) Karine Zeitouni (DAVID UVSQ) Laurent Costa (CNRS-MAE Nanterre) Carmen [&hellip;]<\/p>\n","protected":false},"author":1,"featured_media":0,"parent":0,"menu_order":0,"comment_status":"closed","ping_status":"closed","template":"","meta":{"footnotes":""},"_links":{"self":[{"href":"http:\/\/psig.huma-num.fr\/seminaire-sources-aux-sig\/wp-json\/wp\/v2\/pages\/8"}],"collection":[{"href":"http:\/\/psig.huma-num.fr\/seminaire-sources-aux-sig\/wp-json\/wp\/v2\/pages"}],"about":[{"href":"http:\/\/psig.huma-num.fr\/seminaire-sources-aux-sig\/wp-json\/wp\/v2\/types\/page"}],"author":[{"embeddable":true,"href":"http:\/\/psig.huma-num.fr\/seminaire-sources-aux-sig\/wp-json\/wp\/v2\/users\/1"}],"replies":[{"embeddable":true,"href":"http:\/\/psig.huma-num.fr\/seminaire-sources-aux-sig\/wp-json\/wp\/v2\/comments?post=8"}],"version-history":[{"count":10,"href":"http:\/\/psig.huma-num.fr\/seminaire-sources-aux-sig\/wp-json\/wp\/v2\/pages\/8\/revisions"}],"predecessor-version":[{"id":265,"href":"http:\/\/psig.huma-num.fr\/seminaire-sources-aux-sig\/wp-json\/wp\/v2\/pages\/8\/revisions\/265"}],"wp:attachment":[{"href":"http:\/\/psig.huma-num.fr\/seminaire-sources-aux-sig\/wp-json\/wp\/v2\/media?parent=8"}],"curies":[{"name":"wp","href":"https:\/\/api.w.org\/{rel}","templated":true}]}}

<p><strong>Comité d’organisation</strong></p>



<p><a href="fabien.cerbelaud@unilim.fr">Fabien Cerbelaud</a> (CRIHAM Université de Limoges)</p>



<p><a href="remi.crouzevialle@unilim.fr">Rémi Crouzevialle</a> (CRIHAM Université de Limoges)</p>



<p><a href="http://www.dypac.uvsq.fr/ingenieurs-techniciens-/m-davide-gherdevich--368364.kjsp?RH=1582643065219">Davide Gherdevich</a> (DYPAC UVSQ) </p>



<p><a href="http://cams.ehess.fr/eric-mermet/">Eric Mermet </a>(CNRS &#8211; TSE)</p>



<p></p>



<p><strong>Comité scientifique</strong></p>



<p><a href="http://www.dypac.uvsq.fr/membres-associes/mme-citlalli-dominguez--399872.kjsp?RH=1354725760243">Citlalli Dominguez</a> (DYPAC UVSQ)</p>



<p><a href="http://www.dypac.uvsq.fr/ingenieurs-techniciens-/m-davide-gherdevich--368364.kjsp?RH=1582643065219">Davide Gherdevich</a> (DYPAC UVSQ)</p>



<p><a href="http://cams.ehess.fr/eric-mermet/">Eric Mermet</a> (CNRS &#8211; EHESS/CAMS/ISC-PIF)</p>



<p><a href="http://www.dypac.uvsq.fr/enseignants-chercheurs/mme-anne-rochebouet--368623.kjsp?RH=1354725663517">Anne Rochebouet</a> (DYPAC UVSQ)</p>



<p><a href="http://www.david.uvsq.fr/?profile=kedad-zoubida-2">Zoubida Kedad </a>(DAVID UVSQ)</p>



<p><a href="https://www.david.uvsq.fr/?profile=zeitouni-karine-2">Karine Zeitouni</a> (DAVID UVSQ)</p>



<p><a href="http://www.arscan.fr/grec-archaique-classique/equipes/laurent-costa/">Laurent Costa</a> (CNRS-MAE Nanterre)</p>



<p><a href="http://crh.ehess.fr/index.php?5088">Carmen Brando</a> (EHESS)</p>



<p><a href="http://www.dypac.uvsq.fr/giovanni-pietro-vitali">Giovanni Pietro Vitali</a> (DYPAC UVSQ)</p>



<p></p>

<p>Comité d’organisation Fabien Cerbelaud (CRIHAM Université de Limoges) Rémi Crouzevialle (CRIHAM Université de Limoges) Davide Gherdevich (DYPAC UVSQ) Eric Mermet (CNRS &#8211; TSE) Comité scientifique Citlalli Dominguez (DYPAC UVSQ) Davide Gherdevich (DYPAC UVSQ) Eric Mermet (CNRS &#8211; EHESS/CAMS/ISC-PIF) Anne Rochebouet (DYPAC UVSQ) Zoubida Kedad (DAVID UVSQ) Karine Zeitouni (DAVID UVSQ) Laurent Costa (CNRS-MAE Nanterre) Carmen [&hellip;]</p>
